Last updated on 2023-12-02 11:49:26 CET.
Flavor | Version | Tinstall | Tcheck | Ttotal | Status | Flags |
---|---|---|---|---|---|---|
r-devel-linux-x86_64-debian-clang | 1.0-1 | 10.50 | 106.99 | 117.49 | NOTE | |
r-devel-linux-x86_64-debian-gcc | 1.0-1 | 9.98 | 79.97 | 89.95 | NOTE | |
r-devel-linux-x86_64-fedora-clang | 1.0-1 | 154.66 | OK | |||
r-devel-linux-x86_64-fedora-gcc | 1.0-1 | 140.47 | OK | |||
r-devel-windows-x86_64 | 1.0-1 | 12.00 | 89.00 | 101.00 | OK | --no-vignettes |
r-patched-linux-x86_64 | 1.0-1 | 13.63 | 104.10 | 117.73 | OK | |
r-release-linux-x86_64 | 1.0-1 | 12.66 | 104.22 | 116.88 | OK | |
r-release-macos-arm64 | 1.0-1 | 45.00 | OK | |||
r-release-macos-x86_64 | 1.0-1 | 77.00 | OK | |||
r-release-windows-x86_64 | 1.0-1 | 14.00 | 118.00 | 132.00 | OK | --no-vignettes |
r-oldrel-macos-arm64 | 1.0-1 | 45.00 | OK | |||
r-oldrel-macos-x86_64 | 1.0-1 | 64.00 | OK | |||
r-oldrel-windows-x86_64 | 1.0-1 | 14.00 | 120.00 | 134.00 | OK | --no-vignettes |
Version: 1.0-1
Check: Rd files
Result: NOTE
checkRd: (-1) term.plotZadj.Rd:6: Lost braces
6 | \ This is a wrapper to function \code{\link[gamlss]{term.plot}}. code{term.plotZadj} produces term plots for a specified parameter from a
| ^
Flavors: r-devel-linux-x86_64-debian-clang, r-devel-linux-x86_64-debian-gcc