CRAN Package Check Results for Package gamlss.lasso

Last updated on 2021-06-18 05:48:45 CEST.

Flavor Version Tinstall Tcheck Ttotal Status Flags
r-devel-linux-x86_64-debian-clang 1.0-1 9.09 75.95 85.04 OK
r-devel-linux-x86_64-debian-gcc 1.0-1 7.04 57.81 64.85 OK
r-devel-linux-x86_64-fedora-clang 1.0-1 106.71 NOTE
r-devel-linux-x86_64-fedora-gcc 1.0-1 95.72 OK
r-devel-windows-x86_64 1.0-1 13.00 69.00 82.00 OK
r-devel-windows-x86_64-gcc10-UCRT 1.0-1 OK
r-patched-linux-x86_64 1.0-1 8.68 72.36 81.04 OK
r-patched-solaris-x86 1.0-1 142.70 OK
r-release-linux-x86_64 1.0-1 8.40 71.89 80.29 OK
r-release-macos-arm64 1.0-1 OK
r-release-macos-x86_64 1.0-1 OK
r-release-windows-ix86+x86_64 1.0-1 19.00 94.00 113.00 OK
r-oldrel-macos-x86_64 1.0-1 OK
r-oldrel-windows-ix86+x86_64 1.0-1 13.00 94.00 107.00 OK

Check Details

Version: 1.0-1
Check: Rd cross-references
Result: NOTE
    Undeclared packages ‘gamlss.dist’, ‘gamlss.add’ in Rd xrefs
Flavor: r-devel-linux-x86_64-fedora-clang