Last updated on 2023-12-02 11:49:26 CET.
Flavor | Version | Tinstall | Tcheck | Ttotal | Status | Flags |
---|---|---|---|---|---|---|
r-devel-linux-x86_64-debian-clang | 6.0-0 | 10.52 | 79.09 | 89.61 | NOTE | |
r-devel-linux-x86_64-debian-gcc | 6.0-0 | 7.55 | 60.34 | 67.89 | NOTE | |
r-devel-linux-x86_64-fedora-clang | 6.0-0 | 116.68 | NOTE | |||
r-devel-linux-x86_64-fedora-gcc | 6.0-0 | 104.45 | NOTE | |||
r-devel-windows-x86_64 | 6.0-0 | 9.00 | 76.00 | 85.00 | NOTE | |
r-patched-linux-x86_64 | 6.0-0 | 8.52 | 77.14 | 85.66 | OK | |
r-release-linux-x86_64 | 6.0-0 | 10.18 | 76.95 | 87.13 | OK | |
r-release-macos-arm64 | 6.0-0 | 36.00 | OK | |||
r-release-macos-x86_64 | 6.0-0 | 59.00 | OK | |||
r-release-windows-x86_64 | 6.0-0 | 12.00 | 89.00 | 101.00 | OK | |
r-oldrel-macos-arm64 | 6.0-0 | 34.00 | OK | |||
r-oldrel-macos-x86_64 | 6.0-0 | 48.00 | OK | |||
r-oldrel-windows-x86_64 | 6.0-0 | 11.00 | 93.00 | 104.00 | OK |
Version: 6.0-0
Check: Rd metadata
Result: NOTE
Invalid package aliases in Rd file 'gamlss.mx.package.Rd':
‘gamlss.mix-package’
Flavors: r-devel-linux-x86_64-debian-clang, r-devel-linux-x86_64-debian-gcc, r-devel-linux-x86_64-fedora-clang, r-devel-linux-x86_64-fedora-gcc, r-devel-windows-x86_64