Last updated on 2023-03-21 17:53:04 CET.
Flavor | Version | Tinstall | Tcheck | Ttotal | Status | Flags |
---|---|---|---|---|---|---|
r-devel-linux-x86_64-debian-clang | 1.0.3 | 10.48 | 133.32 | 143.80 | OK | |
r-devel-linux-x86_64-debian-gcc | 1.0.3 | 8.52 | 98.35 | 106.87 | OK | |
r-devel-linux-x86_64-fedora-clang | 1.0.3 | 178.33 | NOTE | |||
r-devel-linux-x86_64-fedora-gcc | 1.0.3 | 177.42 | OK | |||
r-devel-windows-x86_64 | 1.0.3 | 16.00 | 229.00 | 245.00 | OK | |
r-patched-linux-x86_64 | 1.0.3 | 11.09 | 125.53 | 136.62 | OK | |
r-release-linux-x86_64 | 1.0.3 | 9.30 | 123.90 | 133.20 | OK | |
r-release-macos-arm64 | 1.0.3 | 58.00 | OK | |||
r-release-macos-x86_64 | 1.0.3 | 76.00 | OK | |||
r-release-windows-x86_64 | 1.0.3 | 110.00 | 227.00 | 337.00 | OK | |
r-oldrel-macos-arm64 | 1.0.3 | 50.00 | OK | |||
r-oldrel-macos-x86_64 | 1.0.3 | 75.00 | OK | |||
r-oldrel-windows-ix86+x86_64 | 1.0.3 | 24.00 | 178.00 | 202.00 | OK |
Version: 1.0.3
Check: Rd cross-references
Result: NOTE
Undeclared package ‘hyperSpec’ in Rd xrefs
Flavor: r-devel-linux-x86_64-fedora-clang