Last updated on 2023-03-21 05:53:12 CET.
Flavor | Version | Tinstall | Tcheck | Ttotal | Status | Flags |
---|---|---|---|---|---|---|
r-devel-linux-x86_64-debian-clang | 0.1.0.4 | NOTE | ||||
r-devel-linux-x86_64-debian-gcc | 0.1.0.4 | 230.04 | 53.08 | 283.12 | NOTE | |
r-devel-linux-x86_64-fedora-clang | 0.1.0.4 | 542.78 | NOTE | |||
r-devel-linux-x86_64-fedora-gcc | 0.1.0.4 | 488.86 | NOTE | |||
r-devel-windows-x86_64 | 0.1.0.4 | 454.00 | 136.00 | 590.00 | NOTE | |
r-patched-linux-x86_64 | 0.1.0.4 | 239.66 | 67.70 | 307.36 | NOTE | |
r-release-linux-x86_64 | 0.1.0.4 | 243.25 | 67.21 | 310.46 | NOTE | |
r-release-macos-arm64 | 0.1.0.4 | 113.00 | NOTE | |||
r-release-macos-x86_64 | 0.1.0.4 | 145.00 | NOTE | |||
r-release-windows-x86_64 | 0.1.0.4 | 212.00 | 135.00 | 347.00 | NOTE | |
r-oldrel-macos-arm64 | 0.1.0.4 | 129.00 | NOTE | |||
r-oldrel-macos-x86_64 | 0.1.0.4 | 185.00 | NOTE | |||
r-oldrel-windows-ix86+x86_64 | 0.1.0.4 | 696.00 | 140.00 | 836.00 | NOTE |
Version: 0.1.0.4
Check: C++ specification
Result: NOTE
Specified C++11: please drop specification unless essential
Flavors: r-devel-linux-x86_64-debian-clang, r-devel-linux-x86_64-debian-gcc, r-devel-linux-x86_64-fedora-clang, r-devel-linux-x86_64-fedora-gcc, r-devel-windows-x86_64
Version: 0.1.0.4
Check: LazyData
Result: NOTE
'LazyData' is specified without a 'data' directory
Flavors: r-devel-linux-x86_64-debian-clang, r-devel-linux-x86_64-debian-gcc, r-devel-linux-x86_64-fedora-clang, r-devel-linux-x86_64-fedora-gcc, r-devel-windows-x86_64, r-patched-linux-x86_64, r-release-linux-x86_64, r-release-macos-arm64, r-release-macos-x86_64, r-release-windows-x86_64, r-oldrel-macos-arm64, r-oldrel-macos-x86_64, r-oldrel-windows-ix86+x86_64
Version: 0.1.0.4
Check: for GNU extensions in Makefiles
Result: NOTE
GNU make is a SystemRequirements.
Flavors: r-devel-linux-x86_64-debian-clang, r-devel-linux-x86_64-debian-gcc, r-devel-linux-x86_64-fedora-clang, r-devel-linux-x86_64-fedora-gcc, r-devel-windows-x86_64, r-patched-linux-x86_64, r-release-linux-x86_64, r-release-macos-arm64, r-release-macos-x86_64, r-release-windows-x86_64, r-oldrel-macos-arm64, r-oldrel-macos-x86_64, r-oldrel-windows-ix86+x86_64
Version: 0.1.0.4
Check: compiled code
Result: NOTE
File ‘gbp/libs/gbp.so’:
Found no calls to: ‘R_registerRoutines’, ‘R_useDynamicSymbols’
It is good practice to register native routines and to disable symbol
search.
See ‘Writing portable packages’ in the ‘Writing R Extensions’ manual.
Flavors: r-devel-linux-x86_64-fedora-clang, r-devel-linux-x86_64-fedora-gcc
Version: 0.1.0.4
Check: installed package size
Result: NOTE
installed size is 17.0Mb
sub-directories of 1Mb or more:
doc 1.1Mb
libs 15.7Mb
Flavors: r-release-macos-arm64, r-release-macos-x86_64, r-oldrel-macos-arm64, r-oldrel-macos-x86_64, r-oldrel-windows-ix86+x86_64