Last updated on 2024-08-16 11:49:41 CEST.
Flavor | Version | Tinstall | Tcheck | Ttotal | Status | Flags |
---|---|---|---|---|---|---|
r-devel-linux-x86_64-debian-clang | 1.11.1 | 106.04 | 120.34 | 226.38 | OK | |
r-devel-linux-x86_64-debian-gcc | 1.11.1 | 82.08 | 80.96 | 163.04 | OK | |
r-devel-linux-x86_64-fedora-clang | 1.11.1 | 388.87 | OK | |||
r-devel-linux-x86_64-fedora-gcc | 1.11.1 | 434.16 | OK | |||
r-devel-windows-x86_64 | 1.11.1 | 130.00 | 687.00 | 817.00 | NOTE | |
r-patched-linux-x86_64 | 1.11.1 | 116.92 | 114.10 | 231.02 | OK | |
r-release-linux-x86_64 | 1.11.1 | 112.28 | 112.11 | 224.39 | OK | |
r-release-macos-arm64 | 1.11.1 | 197.00 | NOTE | |||
r-release-macos-x86_64 | 1.11.1 | 438.00 | NOTE | |||
r-release-windows-x86_64 | 1.11.1 | 130.00 | 686.00 | 816.00 | NOTE | |
r-oldrel-macos-arm64 | 1.11.1 | 241.00 | NOTE | |||
r-oldrel-macos-x86_64 | 1.11.1 | 404.00 | NOTE | |||
r-oldrel-windows-x86_64 | 1.11.1 | 158.00 | 820.00 | 978.00 | NOTE |
Version: 1.11.1
Check: installed package size
Result: NOTE
installed size is 104.9Mb
sub-directories of 1Mb or more:
gdal 3.0Mb
libs 91.0Mb
proj 8.4Mb
Flavors: r-devel-windows-x86_64, r-release-macos-arm64, r-release-macos-x86_64, r-release-windows-x86_64, r-oldrel-macos-arm64, r-oldrel-macos-x86_64, r-oldrel-windows-x86_64