Last updated on 2023-12-03 23:56:45 CET.
Flavor | Version | Tinstall | Tcheck | Ttotal | Status | Flags |
---|---|---|---|---|---|---|
r-devel-linux-x86_64-debian-clang | 0.3.4 | 63.65 | 47.60 | 111.25 | WARN | |
r-devel-linux-x86_64-debian-gcc | 0.3.4 | 37.43 | 37.14 | 74.57 | OK | |
r-devel-linux-x86_64-fedora-clang | 0.3.4 | 158.64 | WARN | |||
r-devel-linux-x86_64-fedora-gcc | 0.3.4 | 149.19 | OK | |||
r-devel-windows-x86_64 | 0.3.4 | 60.00 | 115.00 | 175.00 | OK | |
r-patched-linux-x86_64 | 0.3.4 | 41.05 | 46.14 | 87.19 | OK | |
r-release-linux-x86_64 | 0.3.4 | 34.27 | 46.11 | 80.38 | OK | |
r-release-macos-arm64 | 0.3.4 | 47.00 | OK | |||
r-release-macos-x86_64 | 0.3.4 | 68.00 | NOTE | |||
r-release-windows-x86_64 | 0.3.4 | 76.00 | 129.00 | 205.00 | OK | |
r-oldrel-macos-arm64 | 0.3.4 | 46.00 | OK | |||
r-oldrel-macos-x86_64 | 0.3.4 | 65.00 | NOTE | |||
r-oldrel-windows-x86_64 | 0.3.4 | 60.00 | 107.00 | 167.00 | OK |
Version: 0.3.4
Check: whether package can be installed
Result: WARN
Found the following significant warnings:
RcppExports.cpp:108:18: warning: format string is not a string literal (potentially insecure) [-Wformat-security]
RcppExports.cpp:147:18: warning: format string is not a string literal (potentially insecure) [-Wformat-security]
RcppExports.cpp:182:18: warning: format string is not a string literal (potentially insecure) [-Wformat-security]
RcppExports.cpp:221:18: warning: format string is not a string literal (potentially insecure) [-Wformat-security]
RcppExports.cpp:261:18: warning: format string is not a string literal (potentially insecure) [-Wformat-security]
RcppExports.cpp:301:18: warning: format string is not a string literal (potentially insecure) [-Wformat-security]
RcppExports.cpp:340:18: warning: format string is not a string literal (potentially insecure) [-Wformat-security]
RcppExports.cpp:374:18: warning: format string is not a string literal (potentially insecure) [-Wformat-security]
RcppExports.cpp:408:18: warning: format string is not a string literal (potentially insecure) [-Wformat-security]
See ‘/home/hornik/tmp/R.check/r-devel-clang/Work/PKGS/gdtools.Rcheck/00install.out’ for details.
* used C++ compiler: ‘Debian clang version 17.0.5 (1)’
Flavor: r-devel-linux-x86_64-debian-clang
Version: 0.3.4
Check: whether package can be installed
Result: WARN
Found the following significant warnings:
RcppExports.cpp:108:18: warning: format string is not a string literal (potentially insecure) [-Wformat-security]
RcppExports.cpp:147:18: warning: format string is not a string literal (potentially insecure) [-Wformat-security]
RcppExports.cpp:182:18: warning: format string is not a string literal (potentially insecure) [-Wformat-security]
RcppExports.cpp:221:18: warning: format string is not a string literal (potentially insecure) [-Wformat-security]
RcppExports.cpp:261:18: warning: format string is not a string literal (potentially insecure) [-Wformat-security]
RcppExports.cpp:301:18: warning: format string is not a string literal (potentially insecure) [-Wformat-security]
RcppExports.cpp:340:18: warning: format string is not a string literal (potentially insecure) [-Wformat-security]
RcppExports.cpp:374:18: warning: format string is not a string literal (potentially insecure) [-Wformat-security]
RcppExports.cpp:408:18: warning: format string is not a string literal (potentially insecure) [-Wformat-security]
See ‘/data/gannet/ripley/R/packages/tests-clang/gdtools.Rcheck/00install.out’ for details.
* used C++ compiler: ‘clang version 17.0.5’
Flavor: r-devel-linux-x86_64-fedora-clang
Version: 0.3.4
Check: installed package size
Result: NOTE
installed size is 5.2Mb
sub-directories of 1Mb or more:
libs 5.0Mb
Flavors: r-release-macos-x86_64, r-oldrel-macos-x86_64