Last updated on 2024-04-19 00:11:55 CEST.
Flavor | Version | Tinstall | Tcheck | Ttotal | Status | Flags |
---|---|---|---|---|---|---|
r-devel-linux-x86_64-debian-clang | 1.3 | 7.32 | 47.02 | 54.34 | NOTE | |
r-devel-linux-x86_64-debian-gcc | 1.3 | 5.03 | 33.83 | 38.86 | NOTE | |
r-devel-linux-x86_64-fedora-clang | 1.3 | 63.85 | NOTE | |||
r-devel-linux-x86_64-fedora-gcc | 1.3 | 62.51 | NOTE | |||
r-prerel-macos-arm64 | 1.3 | 22.00 | NOTE | |||
r-prerel-windows-x86_64 | 1.3 | 6.00 | 55.00 | 61.00 | NOTE | |
r-patched-linux-x86_64 | 1.3 | 4.11 | 44.45 | 48.56 | NOTE | |
r-release-linux-x86_64 | 1.3 | 6.80 | 42.98 | 49.78 | OK | |
r-release-macos-arm64 | 1.3 | 22.00 | OK | |||
r-release-macos-x86_64 | 1.3 | 33.00 | OK | |||
r-release-windows-x86_64 | 1.3 | 8.00 | 55.00 | 63.00 | OK | |
r-oldrel-macos-arm64 | 1.3 | 23.00 | OK | |||
r-oldrel-windows-x86_64 | 1.3 | 7.00 | 62.00 | 69.00 | OK |
Version: 1.3
Check: Rd files
Result: NOTE
checkRd: (-1) dental.Rd:15: Lost braces in \itemize; meant \describe ?
checkRd: (-1) dental.Rd:16: Lost braces in \itemize; meant \describe ?
checkRd: (-1) dental.Rd:17: Lost braces in \itemize; meant \describe ?
checkRd: (-1) dental.Rd:18: Lost braces in \itemize; meant \describe ?
checkRd: (-1) dental.Rd:19: Lost braces in \itemize; meant \describe ?
checkRd: (-1) dental.Rd:20: Lost braces in \itemize; meant \describe ?
checkRd: (-1) seizure.Rd:15: Lost braces in \itemize; meant \describe ?
checkRd: (-1) seizure.Rd:16: Lost braces in \itemize; meant \describe ?
checkRd: (-1) seizure.Rd:17: Lost braces in \itemize; meant \describe ?
checkRd: (-1) seizure.Rd:18: Lost braces in \itemize; meant \describe ?
checkRd: (-1) seizure.Rd:19: Lost braces in \itemize; meant \describe ?
checkRd: (-1) seizure.Rd:20: Lost braces in \itemize; meant \describe ?
checkRd: (-1) seizure.Rd:21: Lost braces in \itemize; meant \describe ?
Flavors: r-devel-linux-x86_64-debian-clang, r-devel-linux-x86_64-debian-gcc, r-devel-linux-x86_64-fedora-clang, r-devel-linux-x86_64-fedora-gcc, r-prerel-macos-arm64, r-prerel-windows-x86_64, r-patched-linux-x86_64