Last updated on 2023-09-25 23:13:42 CEST.
Flavor | Version | Tinstall | Tcheck | Ttotal | Status | Flags |
---|---|---|---|---|---|---|
r-devel-linux-x86_64-debian-clang | 1.2.6 | 11.28 | 306.42 | 317.70 | OK | |
r-devel-linux-x86_64-debian-gcc | 1.2.6 | 7.74 | 258.63 | 266.37 | OK | |
r-devel-linux-x86_64-fedora-clang | 1.2.6 | 375.98 | NOTE | |||
r-devel-linux-x86_64-fedora-gcc | 1.2.6 | 436.60 | OK | |||
r-devel-windows-x86_64 | 1.2.6 | 11.00 | 374.00 | 385.00 | OK | |
r-patched-linux-x86_64 | 1.2.6 | 7.18 | 310.78 | 317.96 | OK | |
r-release-linux-x86_64 | 1.2.6 | 6.57 | 311.93 | 318.50 | OK | |
r-release-macos-arm64 | 1.2.6 | 143.00 | OK | |||
r-release-macos-x86_64 | 1.2.6 | 192.00 | OK | |||
r-release-windows-x86_64 | 1.2.6 | 14.00 | 353.00 | 367.00 | OK | |
r-oldrel-macos-arm64 | 1.2.6 | 100.00 | OK | |||
r-oldrel-macos-x86_64 | 1.2.6 | 149.00 | OK | |||
r-oldrel-windows-x86_64 | 1.2.6 | 16.00 | 344.00 | 360.00 | OK |
Version: 1.2.6
Check: package dependencies
Result: NOTE
Imports includes 22 non-default packages.
Importing from so many packages makes the package vulnerable to any of
them becoming unavailable. Move as many as possible to Suggests and
use conditionally.
Flavor: r-devel-linux-x86_64-fedora-clang