Last updated on 2024-03-29 06:56:27 CET.
Flavor | Version | Tinstall | Tcheck | Ttotal | Status | Flags |
---|---|---|---|---|---|---|
r-devel-linux-x86_64-debian-clang | 0.4.0 | 16.80 | 184.55 | 201.35 | OK | |
r-devel-linux-x86_64-debian-gcc | 0.4.0 | 15.97 | 140.25 | 156.22 | OK | |
r-devel-linux-x86_64-fedora-clang | 0.4.0 | 261.13 | NOTE | |||
r-devel-linux-x86_64-fedora-gcc | 0.4.0 | 261.39 | NOTE | |||
r-devel-windows-x86_64 | 0.4.0 | 20.00 | 139.00 | 159.00 | OK | |
r-patched-linux-x86_64 | 0.4.0 | 14.22 | 182.32 | 196.54 | OK | |
r-release-linux-x86_64 | 0.4.0 | 17.99 | 179.44 | 197.43 | OK | |
r-release-macos-arm64 | 0.4.0 | 78.00 | OK | |||
r-release-macos-x86_64 | 0.4.0 | 129.00 | OK | |||
r-release-windows-x86_64 | 0.4.0 | 25.00 | 177.00 | 202.00 | OK | |
r-oldrel-macos-arm64 | 0.4.0 | 37.00 | NOTE | |||
r-oldrel-windows-x86_64 | 0.4.0 | 24.00 | 181.00 | 205.00 | OK |
Version: 0.4.0
Check: dependencies in R code
Result: NOTE
Namespaces in Imports field not imported from:
‘GGEBiplots’ ‘calibrate’ ‘graphics’ ‘matrixStats’ ‘prettydoc’
‘reshape2’
All declared Imports should be used.
Flavors: r-devel-linux-x86_64-fedora-clang, r-devel-linux-x86_64-fedora-gcc, r-oldrel-macos-arm64