Last updated on 2024-08-31 23:49:04 CEST.
Flavor | Version | Tinstall | Tcheck | Ttotal | Status | Flags |
---|---|---|---|---|---|---|
r-devel-linux-x86_64-debian-clang | 1.7 | 15.84 | 146.12 | 161.96 | OK | |
r-devel-linux-x86_64-debian-gcc | 1.7 | 13.00 | 103.96 | 116.96 | OK | |
r-devel-linux-x86_64-fedora-clang | 1.7 | 262.65 | OK | |||
r-devel-linux-x86_64-fedora-gcc | 1.7 | 264.56 | OK | |||
r-devel-windows-x86_64 | 1.7 | 15.00 | 139.00 | 154.00 | OK | |
r-patched-linux-x86_64 | 1.7 | 15.40 | 137.44 | 152.84 | OK | |
r-release-linux-x86_64 | 1.7 | 15.45 | 136.62 | 152.07 | OK | |
r-release-macos-arm64 | 1.7 | 5.00 | ERROR | |||
r-release-macos-x86_64 | 1.7 | 136.00 | OK | |||
r-release-windows-x86_64 | 1.7 | 15.00 | 144.00 | 159.00 | OK | |
r-oldrel-macos-arm64 | 1.7 | 10.00 | ERROR | |||
r-oldrel-macos-x86_64 | 1.7 | 12.00 | ERROR | |||
r-oldrel-windows-x86_64 | 1.7 | 20.00 | 182.00 | 202.00 | OK |
Version: 1.7
Check: package dependencies
Result: ERROR
Package required but not available: ‘reactome.db’
See section ‘The DESCRIPTION file’ in the ‘Writing R Extensions’
manual.
Flavors: r-release-macos-arm64, r-oldrel-macos-arm64, r-oldrel-macos-x86_64