CRAN Package Check Results for Package genpwr

Last updated on 2023-06-03 23:58:53 CEST.

Flavor Version Tinstall Tcheck Ttotal Status Flags
r-devel-linux-x86_64-debian-clang 1.0.4 18.94 236.94 255.88 NOTE
r-devel-linux-x86_64-debian-gcc 1.0.4 11.77 165.82 177.59 NOTE
r-devel-linux-x86_64-fedora-clang 1.0.4 302.40 NOTE
r-devel-linux-x86_64-fedora-gcc 1.0.4 301.00 NOTE
r-devel-windows-x86_64 1.0.4 16.00 187.00 203.00 NOTE
r-patched-linux-x86_64 1.0.4 NOTE
r-release-linux-x86_64 1.0.4 14.31 215.56 229.87 NOTE
r-release-macos-arm64 1.0.4 88.00 NOTE
r-release-macos-x86_64 1.0.4 145.00 NOTE
r-release-windows-x86_64 1.0.4 20.00 241.00 261.00 NOTE
r-oldrel-macos-arm64 1.0.4 70.00 OK
r-oldrel-macos-x86_64 1.0.4 121.00 OK
r-oldrel-windows-x86_64 1.0.4 20.00 229.00 249.00 OK

Check Details

Version: 1.0.4
Check: package subdirectories
Result: NOTE
    Problems with news in ‘NEWS.md’:
    No news entries found.
Flavors: r-devel-linux-x86_64-debian-clang, r-devel-linux-x86_64-debian-gcc, r-devel-linux-x86_64-fedora-clang, r-devel-linux-x86_64-fedora-gcc, r-devel-windows-x86_64, r-patched-linux-x86_64, r-release-linux-x86_64, r-release-macos-arm64, r-release-macos-x86_64, r-release-windows-x86_64