Last updated on 2023-10-03 18:05:02 CEST.
Flavor | Version | Tinstall | Tcheck | Ttotal | Status | Flags |
---|---|---|---|---|---|---|
r-devel-linux-x86_64-debian-clang | 0.1.1 | 31.70 | 59.44 | 91.14 | NOTE | |
r-devel-linux-x86_64-debian-gcc | 0.1.1 | 24.04 | 48.08 | 72.12 | NOTE | |
r-devel-linux-x86_64-fedora-clang | 0.1.1 | 112.25 | NOTE | |||
r-devel-linux-x86_64-fedora-gcc | 0.1.1 | 112.52 | NOTE | |||
r-devel-windows-x86_64 | 0.1.1 | 26.00 | 78.00 | 104.00 | NOTE | |
r-patched-linux-x86_64 | 0.1.1 | 36.44 | 55.12 | 91.56 | NOTE | |
r-release-linux-x86_64 | 0.1.1 | 31.65 | 55.57 | 87.22 | NOTE | |
r-release-macos-arm64 | 0.1.1 | 32.00 | NOTE | |||
r-release-macos-x86_64 | 0.1.1 | 48.00 | NOTE | |||
r-release-windows-x86_64 | 0.1.1 | 35.00 | 90.00 | 125.00 | NOTE | |
r-oldrel-macos-arm64 | 0.1.1 | 30.00 | OK | |||
r-oldrel-macos-x86_64 | 0.1.1 | 37.00 | OK | |||
r-oldrel-windows-x86_64 | 0.1.1 | 34.00 | 89.00 | 123.00 | OK |
Version: 0.1.1
Check: C++ specification
Result: NOTE
Specified C++11: please drop specification unless essential
Flavors: r-devel-linux-x86_64-debian-clang, r-devel-linux-x86_64-debian-gcc, r-devel-linux-x86_64-fedora-clang, r-devel-linux-x86_64-fedora-gcc, r-devel-windows-x86_64, r-patched-linux-x86_64, r-release-linux-x86_64, r-release-macos-arm64, r-release-macos-x86_64, r-release-windows-x86_64