CRAN Package Check Results for Package geodimension

Last updated on 2023-03-26 12:03:17 CEST.

Flavor Version Tinstall Tcheck Ttotal Status Flags
r-devel-linux-x86_64-debian-clang 1.0.0 6.55 240.69 247.24 OK
r-devel-linux-x86_64-debian-gcc 1.0.0 6.32 183.63 189.95 OK
r-devel-linux-x86_64-fedora-clang 1.0.0 318.07 NOTE
r-devel-linux-x86_64-fedora-gcc 1.0.0 314.92 NOTE
r-patched-linux-x86_64 1.0.0 7.10 233.94 241.04 OK
r-release-linux-x86_64 1.0.0 5.16 231.11 236.27 OK
r-release-macos-arm64 1.0.0 79.00 NOTE
r-release-macos-x86_64 1.0.0 182.00 NOTE
r-release-windows-x86_64 1.0.0 47.00 339.00 386.00 OK
r-oldrel-macos-arm64 1.0.0 78.00 NOTE
r-oldrel-macos-x86_64 1.0.0 92.00 NOTE
r-oldrel-windows-ix86+x86_64 1.0.0 15.00 332.00 347.00 OK

Check Details

Version: 1.0.0
Check: dependencies in R code
Result: NOTE
    Namespaces in Imports field not imported from:
     ‘pander’ ‘readr’ ‘tidyr’
     All declared Imports should be used.
Flavors: r-devel-linux-x86_64-fedora-clang, r-devel-linux-x86_64-fedora-gcc, r-release-macos-arm64, r-release-macos-x86_64, r-oldrel-macos-arm64, r-oldrel-macos-x86_64

Version: 1.0.0
Check: data for non-ASCII characters
Result: NOTE
     Note: found 80 marked UTF-8 strings
Flavors: r-devel-linux-x86_64-fedora-clang, r-devel-linux-x86_64-fedora-gcc, r-release-macos-arm64, r-release-macos-x86_64, r-oldrel-macos-arm64, r-oldrel-macos-x86_64