CRAN Package Check Results for Package geodimension

Last updated on 2024-04-12 22:55:36 CEST.

Flavor Version Tinstall Tcheck Ttotal Status Flags
r-devel-linux-x86_64-debian-clang 2.0.0 10.80 140.66 151.46 OK
r-devel-linux-x86_64-debian-gcc 2.0.0 7.96 99.62 107.58 OK
r-devel-linux-x86_64-fedora-clang 2.0.0 182.35 NOTE
r-devel-linux-x86_64-fedora-gcc 2.0.0 196.29 NOTE
r-devel-windows-x86_64 2.0.0 12.00 116.00 128.00 OK
r-patched-linux-x86_64 2.0.0 10.03 130.65 140.68 OK
r-release-linux-x86_64 2.0.0 10.04 128.63 138.67 OK
r-release-macos-arm64 2.0.0 71.00 OK
r-release-macos-x86_64 2.0.0 134.00 OK
r-release-windows-x86_64 2.0.0 15.00 137.00 152.00 OK
r-oldrel-macos-arm64 2.0.0 70.00 OK
r-oldrel-windows-x86_64 2.0.0 16.00 142.00 158.00 OK

Check Details

Version: 2.0.0
Check: data for non-ASCII characters
Result: NOTE Note: found 4828 marked UTF-8 strings Flavors: r-devel-linux-x86_64-fedora-clang, r-devel-linux-x86_64-fedora-gcc