CRAN Package Check Results for Package geofi

Last updated on 2023-05-28 05:52:08 CEST.

Flavor Version Tinstall Tcheck Ttotal Status Flags
r-devel-linux-x86_64-debian-clang 1.0.9 8.96 184.38 193.34 OK
r-devel-linux-x86_64-debian-gcc 1.0.9 7.71 141.30 149.01 OK
r-devel-linux-x86_64-fedora-clang 1.0.9 248.66 NOTE
r-devel-linux-x86_64-fedora-gcc 1.0.9 251.66 NOTE
r-devel-windows-x86_64 1.0.9 12.00 202.00 214.00 OK
r-patched-linux-x86_64 1.0.9 9.69 173.05 182.74 OK
r-release-linux-x86_64 1.0.9 8.10 175.77 183.87 OK
r-release-macos-arm64 1.0.9 177.00 OK
r-release-macos-x86_64 1.0.9 257.00 ERROR
r-release-windows-x86_64 1.0.9 15.00 244.00 259.00 OK
r-oldrel-macos-arm64 1.0.9 197.00 OK
r-oldrel-macos-x86_64 1.0.9 247.00 OK
r-oldrel-windows-x86_64 1.0.9 15.00 248.00 263.00 OK

Check Details

Version: 1.0.9
Check: data for non-ASCII characters
Result: NOTE
     Note: found 87001 marked UTF-8 strings
Flavors: r-devel-linux-x86_64-fedora-clang, r-devel-linux-x86_64-fedora-gcc

Version: 1.0.9
Check: re-building of vignette outputs
Result: ERROR
    Error(s) in re-building vignettes:
     ...
    --- re-building ‘geofi_datasets.Rmd’ using rmarkdown
    Pandoc is required to build R Markdown vignettes but not available. Please make sure it is installed.
    --- finished re-building ‘geofi_datasets.Rmd’
    
    --- re-building ‘geofi_joining_attribute_data.Rmd’ using rmarkdown
    Pandoc is required to build R Markdown vignettes but not available. Please make sure it is installed.
    --- finished re-building ‘geofi_joining_attribute_data.Rmd’
    
    --- re-building ‘geofi_making_maps.Rmd’ using rmarkdown
    Pandoc is required to build R Markdown vignettes but not available. Please make sure it is installed.
    Quitting from lines 245-299 (geofi_making_maps.Rmd)
    Error: processing vignette 'geofi_making_maps.Rmd' failed with diagnostics:
    attempt to apply non-function
    --- failed re-building ‘geofi_making_maps.Rmd’
    
    --- re-building ‘geofi_spatial_analysis.Rmd’ using rmarkdown
    Pandoc is required to build R Markdown vignettes but not available. Please make sure it is installed.
    --- finished re-building ‘geofi_spatial_analysis.Rmd’
    
    SUMMARY: processing the following file failed:
     ‘geofi_making_maps.Rmd’
    
    Error: Vignette re-building failed.
    Execution halted
Flavor: r-release-macos-x86_64