CRAN Package Check Results for Package geometry

Last updated on 2020-10-30 11:50:46 CET.

Flavor Version Tinstall Tcheck Ttotal Status Flags
r-devel-linux-x86_64-debian-clang 0.4.5 39.86 55.59 95.45 OK
r-devel-linux-x86_64-debian-gcc 0.4.5 29.24 42.21 71.45 OK
r-devel-linux-x86_64-fedora-clang 0.4.5 129.87 OK
r-devel-linux-x86_64-fedora-gcc 0.4.5 112.46 OK
r-devel-windows-ix86+x86_64 0.4.5 101.00 124.00 225.00 OK
r-patched-linux-x86_64 0.4.5 36.76 52.51 89.27 OK
r-patched-solaris-x86 0.4.5 126.50 OK
r-release-linux-x86_64 0.4.5 38.91 51.44 90.35 OK
r-release-macos-x86_64 0.4.5 OK
r-release-windows-ix86+x86_64 0.4.5 87.00 123.00 210.00 OK
r-oldrel-macos-x86_64 0.4.5 NOTE
r-oldrel-windows-ix86+x86_64 0.4.5 94.00 121.00 215.00 OK

Check Details

Version: 0.4.5
Check: dependencies in R code
Result: NOTE
    No protocol specified
Flavor: r-oldrel-macos-x86_64