Last updated on 2024-08-16 11:49:41 CEST.
Flavor | Version | Tinstall | Tcheck | Ttotal | Status | Flags |
---|---|---|---|---|---|---|
r-devel-linux-x86_64-debian-clang | 0.6.5 | 2.47 | 27.11 | 29.58 | OK | |
r-devel-linux-x86_64-debian-gcc | 0.6.5 | 1.94 | 21.28 | 23.22 | OK | |
r-devel-linux-x86_64-fedora-clang | 0.6.5 | 45.89 | NOTE | |||
r-devel-linux-x86_64-fedora-gcc | 0.6.5 | 43.68 | NOTE | |||
r-devel-windows-x86_64 | 0.6.5 | 4.00 | 50.00 | 54.00 | OK | |
r-patched-linux-x86_64 | 0.6.5 | 2.96 | 25.77 | 28.73 | OK | |
r-release-linux-x86_64 | 0.6.5 | 2.39 | 25.85 | 28.24 | OK | |
r-release-macos-arm64 | 0.6.5 | 19.00 | OK | |||
r-release-macos-x86_64 | 0.6.5 | 27.00 | OK | |||
r-release-windows-x86_64 | 0.6.5 | 4.00 | 54.00 | 58.00 | OK | |
r-oldrel-macos-arm64 | 0.6.5 | 24.00 | OK | |||
r-oldrel-macos-x86_64 | 0.6.5 | 42.00 | OK | |||
r-oldrel-windows-x86_64 | 0.6.5 | 5.00 | 54.00 | 59.00 | OK |
Version: 0.6.5
Check: data for non-ASCII characters
Result: NOTE
Note: found 2085 marked UTF-8 strings
Flavors: r-devel-linux-x86_64-fedora-clang, r-devel-linux-x86_64-fedora-gcc