Last updated on 2023-03-29 06:53:35 CEST.
Flavor | Version | Tinstall | Tcheck | Ttotal | Status | Flags |
---|---|---|---|---|---|---|
r-devel-linux-x86_64-debian-clang | 0.2.2 | 13.94 | 48.13 | 62.07 | NOTE | |
r-devel-linux-x86_64-debian-gcc | 0.2.2 | 11.30 | 36.78 | 48.08 | NOTE | |
r-devel-linux-x86_64-fedora-clang | 0.2.2 | 78.27 | NOTE | |||
r-devel-linux-x86_64-fedora-gcc | 0.2.2 | 79.23 | NOTE | |||
r-devel-windows-x86_64 | 0.2.2 | 77.00 | 0.00 | 77.00 | NOTE | |
r-patched-linux-x86_64 | 0.2.2 | 13.65 | 46.26 | 59.91 | NOTE | |
r-release-linux-x86_64 | 0.2.2 | 11.29 | 46.38 | 57.67 | OK | |
r-release-macos-arm64 | 0.2.2 | 27.00 | OK | |||
r-release-macos-x86_64 | 0.2.2 | 37.00 | OK | |||
r-release-windows-x86_64 | 0.2.2 | 73.00 | 90.00 | 163.00 | OK | |
r-oldrel-macos-arm64 | 0.2.2 | 28.00 | OK | |||
r-oldrel-macos-x86_64 | 0.2.2 | 38.00 | OK | |||
r-oldrel-windows-ix86+x86_64 | 0.2.2 | 46.00 | 192.00 | 238.00 | OK |
Version: 0.2.2
Check: C++ specification
Result: NOTE
Specified C++11: please drop specification unless essential
Flavors: r-devel-linux-x86_64-debian-clang, r-devel-linux-x86_64-debian-gcc, r-devel-linux-x86_64-fedora-clang, r-devel-linux-x86_64-fedora-gcc, r-devel-windows-x86_64, r-patched-linux-x86_64