CRAN Package Check Results for Package geostatsp

Last updated on 2020-08-09 00:46:47 CEST.

Flavor Version Tinstall Tcheck Ttotal Status Flags
r-devel-linux-x86_64-debian-clang 1.8.2 26.43 435.80 462.23 NOTE
r-devel-linux-x86_64-debian-gcc 1.8.2 22.86 327.98 350.84 NOTE
r-devel-linux-x86_64-fedora-clang 1.8.2 339.63 NOTE
r-devel-linux-x86_64-fedora-gcc 1.8.2 516.55 NOTE
r-devel-windows-ix86+x86_64 1.8.2 66.00 701.00 767.00 NOTE
r-patched-linux-x86_64 1.8.2 26.06 425.94 452.00 NOTE
r-patched-solaris-x86 1.8.2 849.50 NOTE
r-release-linux-x86_64 1.8.2 23.90 426.24 450.14 NOTE
r-release-macos-x86_64 1.8.2 NOTE
r-release-windows-ix86+x86_64 1.8.2 68.00 694.00 762.00 NOTE
r-oldrel-macos-x86_64 1.8.2 NOTE
r-oldrel-windows-ix86+x86_64 1.8.2 44.00 499.00 543.00 NOTE

Check Details

Version: 1.8.2
Check: package dependencies
Result: NOTE
    Package which this enhances but not available for checking: 'INLA'
Flavors: r-devel-linux-x86_64-debian-clang, r-devel-linux-x86_64-debian-gcc, r-patched-linux-x86_64, r-patched-solaris-x86, r-release-linux-x86_64, r-release-macos-x86_64, r-oldrel-macos-x86_64

Version: 1.8.2
Check: installed package size
Result: NOTE
     installed size is 6.0Mb
     sub-directories of 1Mb or more:
     data 3.8Mb
Flavors: r-devel-linux-x86_64-fedora-clang, r-devel-windows-ix86+x86_64, r-patched-solaris-x86, r-release-macos-x86_64, r-release-windows-ix86+x86_64, r-oldrel-macos-x86_64, r-oldrel-windows-ix86+x86_64

Version: 1.8.2
Check: data for non-ASCII characters
Result: NOTE
     Note: found 4 marked UTF-8 strings
Flavors: r-devel-linux-x86_64-fedora-clang, r-devel-linux-x86_64-fedora-gcc, r-patched-solaris-x86, r-release-macos-x86_64, r-oldrel-macos-x86_64

Version: 1.8.2
Check: dependencies in R code
Result: NOTE
    No protocol specified
    No protocol specified
Flavor: r-oldrel-macos-x86_64