Last updated on 2024-08-31 23:49:04 CEST.
Flavor | Version | Tinstall | Tcheck | Ttotal | Status | Flags |
---|---|---|---|---|---|---|
r-devel-linux-x86_64-debian-clang | 2.0.6 | 39.08 | 523.59 | 562.67 | NOTE | |
r-devel-linux-x86_64-debian-gcc | 2.0.6 | 23.86 | 343.62 | 367.48 | NOTE | |
r-devel-linux-x86_64-fedora-clang | 2.0.6 | 925.05 | NOTE | |||
r-devel-linux-x86_64-fedora-gcc | 2.0.6 | 1316.75 | NOTE | |||
r-devel-windows-x86_64 | 2.0.6 | 42.00 | 451.00 | 493.00 | NOTE | |
r-patched-linux-x86_64 | 2.0.6 | 37.39 | 517.11 | 554.50 | NOTE | |
r-release-linux-x86_64 | 2.0.6 | 37.13 | 520.00 | 557.13 | NOTE | |
r-release-macos-arm64 | 2.0.6 | 253.00 | NOTE | |||
r-release-macos-x86_64 | 2.0.6 | 387.00 | NOTE | |||
r-release-windows-x86_64 | 2.0.6 | 41.00 | 450.00 | 491.00 | NOTE | |
r-oldrel-macos-arm64 | 2.0.6 | 256.00 | NOTE | |||
r-oldrel-macos-x86_64 | 2.0.6 | 649.00 | NOTE | |||
r-oldrel-windows-x86_64 | 2.0.6 | 52.00 | 579.00 | 631.00 | NOTE |
Version: 2.0.6
Check: package dependencies
Result: NOTE
Package suggested but not available for checking: ‘RandomFields’
Package which this enhances but not available for checking: ‘INLA’
Flavors: r-devel-linux-x86_64-debian-clang, r-devel-linux-x86_64-debian-gcc, r-patched-linux-x86_64, r-release-linux-x86_64, r-release-macos-arm64, r-release-macos-x86_64, r-oldrel-macos-arm64, r-oldrel-macos-x86_64, r-oldrel-windows-x86_64
Version: 2.0.6
Check: package dependencies
Result: NOTE
Package suggested but not available for checking: ‘RandomFields’
Flavors: r-devel-linux-x86_64-fedora-clang, r-devel-linux-x86_64-fedora-gcc, r-devel-windows-x86_64, r-release-windows-x86_64
Version: 2.0.6
Check: data for non-ASCII characters
Result: NOTE
Note: found 4 marked UTF-8 strings
Flavors: r-devel-linux-x86_64-fedora-clang, r-devel-linux-x86_64-fedora-gcc