CRAN Package Check Results for Package gert

Last updated on 2021-04-20 17:50:47 CEST.

Flavor Version Tinstall Tcheck Ttotal Status Flags
r-devel-linux-x86_64-debian-clang 1.3.0 8.71 37.09 45.80 OK
r-devel-linux-x86_64-debian-gcc 1.3.0 5.34 28.62 33.96 OK
r-devel-linux-x86_64-fedora-clang 1.3.0 63.54 OK
r-devel-linux-x86_64-fedora-gcc 1.3.0 53.03 OK
r-devel-windows-ix86+x86_64 1.3.0 29.00 95.00 124.00 NOTE
r-devel-windows-x86_64-gcc10-UCRT 1.3.0 OK
r-patched-linux-x86_64 1.3.0 7.77 34.67 42.44 OK
r-patched-solaris-x86 1.3.0 90.20 ERROR
r-release-linux-x86_64 1.3.0 7.41 34.76 42.17 OK
r-release-macos-x86_64 1.3.0 OK
r-release-windows-ix86+x86_64 1.3.0 33.00 107.00 140.00 NOTE
r-oldrel-macos-x86_64 1.3.0 OK
r-oldrel-windows-ix86+x86_64 1.3.0 24.00 115.00 139.00 NOTE

Check Details

Version: 1.3.0
Check: installed package size
Result: NOTE
     installed size is 7.4Mb
     sub-directories of 1Mb or more:
     libs 7.1Mb
Flavors: r-devel-windows-ix86+x86_64, r-release-windows-ix86+x86_64, r-oldrel-windows-ix86+x86_64

Version: 1.3.0
Check: examples
Result: ERROR
    Running examples in ‘gert-Ex.R’ failed
    The error most likely occurred in:
    
    > ### Name: git_fetch
    > ### Title: Push and pull
    > ### Aliases: git_fetch git_remote_ls git_push git_clone git_pull
    >
    > ### ** Examples
    >
    > {# Clone a small repository
    + git_dir <- file.path(tempdir(), 'antiword')
    + git_clone('https://github.com/ropensci/antiword', git_dir)
    +
    + # Change into the repo directory
    + olddir <- getwd()
    + setwd(git_dir)
    +
    + # Show some stuff
    + git_log()
    + git_branch_list()
    + git_remote_list()
    +
    + # Add a file
    + write.csv(iris, 'iris.csv')
    + git_add('iris.csv')
    +
    + # Commit the change
    + jerry <- git_signature("Jerry", "jerry@hotmail.com")
    + git_commit('added the iris file', author = jerry)
    +
    + # Now in the log:
    + git_log()
    +
    + # Cleanup
    + setwd(olddir)
    + unlink(git_dir, recursive = TRUE)
    + }
    Error in libgit2::git_clone : the SSL certificate is invalid
    Calls: git_clone -> raise_libgit2_error
    Execution halted
Flavor: r-patched-solaris-x86

Version: 1.3.0
Check: tests
Result: ERROR
     Running ‘libgit2.R’
     Comparing ‘libgit2.Rout’ to ‘libgit2.Rout.save’ ...4,6d3
    < Linking to libgit2 v1.1.0, ssh support: YES
    < Global config: /home/ripley/.gitconfig
    < No default user configured
     Running ‘spelling.R’
     Running ‘testthat.R’ [4s/11s]
    Running the tests in ‘tests/testthat.R’ failed.
    Complete output:
     > library(testthat)
     > library(gert)
     Linking to libgit2 v1.1.0, ssh support: YES
     Global config: /home/ripley/.gitconfig
     No default user configured
     >
     > test_check("gert")
     ══ Failed tests ════════════════════════════════════════════════════════════════
     ── Error (test-auth.R:40:3): HTTP user/pass auth ───────────────────────────────
     Error: the SSL certificate is invalid
     Backtrace:
     █
     1. ├─gert::git_clone(...) test-auth.R:40:2
     2. └─gert:::raise_libgit2_error(...)
     ── Error (test-clone.R:4:3): cloning repositories works ────────────────────────
     Error: the SSL certificate is invalid
     Backtrace:
     █
     1. ├─gert::git_clone("https://github.com/r-lib/gert", path = path) test-clone.R:4:2
     2. └─gert:::raise_libgit2_error(...)
     ── Error (test-rebase.R:4:3): rebasing things ──────────────────────────────────
     Error: the SSL certificate is invalid
     Backtrace:
     █
     1. ├─gert::git_clone("https://github.com/r-lib/gert", path = repo) test-rebase.R:4:2
     2. └─gert:::raise_libgit2_error(...)
     ── Error (test-remotes.R:11:3): remotes from new repo ──────────────────────────
     Error: the SSL certificate is invalid
     Backtrace:
     █
     1. ├─gert::git_fetch("jeroen", repo = repo) test-remotes.R:11:2
     2. └─gert:::raise_libgit2_error(...)
     ── Error (test-remotes.R:28:3): remotes after clone ────────────────────────────
     Error: the SSL certificate is invalid
     Backtrace:
     █
     1. ├─gert::git_clone("https://github.com/r-lib/gert", path = repo) test-remotes.R:28:2
     2. └─gert:::raise_libgit2_error(...)
    
     [ FAIL 5 | WARN 0 | SKIP 0 | PASS 63 ]
     Error: Test failures
     Execution halted
Flavor: r-patched-solaris-x86