CRAN Package Check Results for Package getDTeval

Last updated on 2021-06-20 17:49:37 CEST.

Flavor Version Tinstall Tcheck Ttotal Status Flags
r-devel-linux-x86_64-debian-clang 0.0.1 2.38 78.91 81.29 NOTE
r-devel-linux-x86_64-debian-gcc 0.0.1 2.00 117.58 119.58 NOTE
r-devel-linux-x86_64-fedora-clang 0.0.1 98.62 NOTE
r-devel-linux-x86_64-fedora-gcc 0.0.1 108.59 NOTE
r-devel-windows-x86_64 0.0.1 4.00 82.00 86.00 NOTE
r-devel-windows-x86_64-gcc10-UCRT 0.0.1 NOTE
r-patched-linux-x86_64 0.0.1 2.48 97.06 99.54 NOTE
r-patched-solaris-x86 0.0.1 160.80 NOTE
r-release-linux-x86_64 0.0.1 2.52 93.91 96.43 NOTE
r-release-macos-arm64 0.0.1 NOTE
r-release-macos-x86_64 0.0.1 NOTE
r-release-windows-ix86+x86_64 0.0.1 7.00 78.00 85.00 NOTE
r-oldrel-macos-x86_64 0.0.1 OK

Check Details

Version: 0.0.1
Check: LazyData
Result: NOTE
     'LazyData' is specified without a 'data' directory
Flavors: r-devel-linux-x86_64-debian-clang, r-devel-linux-x86_64-debian-gcc, r-devel-linux-x86_64-fedora-clang, r-devel-linux-x86_64-fedora-gcc, r-devel-windows-x86_64, r-devel-windows-x86_64-gcc10-UCRT, r-patched-linux-x86_64, r-patched-solaris-x86, r-release-linux-x86_64, r-release-macos-arm64, r-release-macos-x86_64, r-release-windows-ix86+x86_64

Version: 0.0.1
Check: package dependencies
Result: NOTE
    Packages suggested but not available for checking: 'covr', 'devtools'
Flavor: r-devel-windows-x86_64-gcc10-UCRT