CRAN Package Check Results for Package getTBinR

Last updated on 2019-10-17 05:47:05 CEST.

Flavor Version Tinstall Tcheck Ttotal Status Flags
r-devel-linux-x86_64-debian-clang 0.7.0 7.68 150.15 157.83 OK
r-devel-linux-x86_64-debian-gcc 0.7.0 6.32 134.91 141.23 OK
r-devel-linux-x86_64-fedora-clang 0.7.0 183.67 OK
r-devel-linux-x86_64-fedora-gcc 0.7.0 194.86 OK
r-devel-windows-ix86+x86_64 0.7.0 26.00 222.00 248.00 OK
r-patched-linux-x86_64 0.7.0 5.69 157.93 163.62 OK
r-patched-solaris-x86 0.7.0 245.80 NOTE
r-release-linux-x86_64 0.7.0 7.11 151.99 159.10 OK
r-release-windows-ix86+x86_64 0.7.0 14.00 145.00 159.00 OK
r-release-osx-x86_64 0.7.0 OK
r-oldrel-windows-ix86+x86_64 0.7.0 10.00 165.00 175.00 OK
r-oldrel-osx-x86_64 0.7.0 ERROR

Check Details

Version: 0.7.0
Check: installed package size
Result: NOTE
     installed size is 5.3Mb
     sub-directories of 1Mb or more:
     doc 3.2Mb
     help 1.6Mb
Flavor: r-patched-solaris-x86

Version: 0.7.0
Check: package dependencies
Result: ERROR
    Package required and available but unsuitable version: ‘plotly’
    
    See section ‘The DESCRIPTION file’ in the ‘Writing R Extensions’
    manual.
Flavor: r-oldrel-osx-x86_64