CRAN Package Check Results for Package ggDCA

Last updated on 2021-12-04 23:50:33 CET.

Flavor Version Tinstall Tcheck Ttotal Status Flags
r-devel-linux-x86_64-debian-clang 1.1 16.14 146.56 162.70 OK
r-devel-linux-x86_64-debian-gcc 1.1 12.72 111.13 123.85 OK
r-devel-linux-x86_64-fedora-clang 1.1 196.70 NOTE
r-devel-linux-x86_64-fedora-gcc 1.1 180.47 NOTE
r-devel-windows-x86_64-new-UL 1.1 31.00 175.00 206.00 OK
r-devel-windows-x86_64-new-TK 1.1 NOTE
r-devel-windows-x86_64-old 1.1 27.00 120.00 147.00 OK
r-patched-linux-x86_64 1.1 16.11 130.56 146.67 OK
r-release-linux-x86_64 1.1 16.75 129.70 146.45 OK
r-release-macos-arm64 1.1 NOTE
r-release-macos-x86_64 1.1 NOTE
r-release-windows-ix86+x86_64 1.1 42.00 165.00 207.00 OK
r-oldrel-macos-x86_64 1.1 NOTE
r-oldrel-windows-ix86+x86_64 1.1 44.00 162.00 206.00 OK

Check Details

Version: 1.1
Check: dependencies in R code
Result: NOTE
    Namespaces in Imports field not imported from:
     ‘do’ ‘survival’
     All declared Imports should be used.
Flavors: r-devel-linux-x86_64-fedora-clang, r-devel-linux-x86_64-fedora-gcc, r-devel-windows-x86_64-new-TK, r-release-macos-arm64, r-release-macos-x86_64, r-oldrel-macos-x86_64