CRAN Package Check Results for Package ggExtra

Last updated on 2019-10-24 05:49:12 CEST.

Flavor Version Tinstall Tcheck Ttotal Status Flags
r-devel-linux-x86_64-debian-clang 0.9 5.56 42.12 47.68 OK
r-devel-linux-x86_64-debian-gcc 0.9 4.08 32.91 36.99 OK
r-devel-linux-x86_64-fedora-clang 0.9 57.92 NOTE
r-devel-linux-x86_64-fedora-gcc 0.9 54.42 NOTE
r-devel-windows-ix86+x86_64 0.9 10.00 79.00 89.00 OK
r-patched-linux-x86_64 0.9 4.62 40.51 45.13 OK
r-patched-solaris-x86 0.9 85.50 NOTE
r-release-linux-x86_64 0.9 4.80 41.01 45.81 OK
r-release-windows-ix86+x86_64 0.9 12.00 86.00 98.00 OK
r-release-osx-x86_64 0.9 NOTE
r-oldrel-windows-ix86+x86_64 0.9 8.00 88.00 96.00 OK
r-oldrel-osx-x86_64 0.9 NOTE

Check Details

Version: 0.9
Check: dependencies in R code
Result: NOTE
    Namespaces in Imports field not imported from:
     ‘R6’ ‘grDevices’ ‘scales’ ‘utils’
     All declared Imports should be used.
Flavors: r-devel-linux-x86_64-fedora-clang, r-devel-linux-x86_64-fedora-gcc, r-patched-solaris-x86, r-release-osx-x86_64, r-oldrel-osx-x86_64