Last updated on 2023-10-03 06:07:01 CEST.
Flavor | Version | Tinstall | Tcheck | Ttotal | Status | Flags |
---|---|---|---|---|---|---|
r-devel-linux-x86_64-debian-clang | 2.1.1 | 30.80 | 115.65 | 146.45 | OK | |
r-devel-linux-x86_64-debian-gcc | 2.1.1 | 25.66 | 85.92 | 111.58 | OK | |
r-devel-linux-x86_64-fedora-clang | 2.1.1 | 182.15 | NOTE | |||
r-devel-linux-x86_64-fedora-gcc | 2.1.1 | 184.27 | NOTE | |||
r-devel-windows-x86_64 | 2.1.1 | 29.00 | 99.00 | 128.00 | OK | |
r-patched-linux-x86_64 | 2.1.1 | 30.70 | 109.75 | 140.45 | OK | |
r-release-linux-x86_64 | 2.1.1 | 32.50 | 109.08 | 141.58 | OK | |
r-release-macos-arm64 | 2.1.1 | 63.00 | OK | |||
r-release-macos-x86_64 | 2.1.1 | 154.00 | OK | |||
r-release-windows-x86_64 | 2.1.1 | 38.00 | 117.00 | 155.00 | OK | |
r-oldrel-macos-arm64 | 2.1.1 | 64.00 | OK | |||
r-oldrel-macos-x86_64 | 2.1.1 | 82.00 | OK | |||
r-oldrel-windows-x86_64 | 2.1.1 | 38.00 | 126.00 | 164.00 | OK |
Version: 2.1.1
Check: data for non-ASCII characters
Result: NOTE
Note: found 1 marked UTF-8 string
Flavors: r-devel-linux-x86_64-fedora-clang, r-devel-linux-x86_64-fedora-gcc