Last updated on 2024-08-16 11:49:41 CEST.
Flavor | Version | Tinstall | Tcheck | Ttotal | Status | Flags |
---|---|---|---|---|---|---|
r-devel-linux-x86_64-debian-clang | 0.1.5 | 3.54 | 25.49 | 29.03 | NOTE | |
r-devel-linux-x86_64-debian-gcc | 0.1.5 | 2.76 | 20.05 | 22.81 | NOTE | |
r-devel-linux-x86_64-fedora-clang | 0.1.5 | 46.21 | NOTE | |||
r-devel-linux-x86_64-fedora-gcc | 0.1.5 | 42.79 | NOTE | |||
r-devel-windows-x86_64 | 0.1.5 | 5.00 | 50.00 | 55.00 | NOTE | |
r-patched-linux-x86_64 | 0.1.5 | 3.47 | 24.34 | 27.81 | NOTE | |
r-release-linux-x86_64 | 0.1.5 | 2.93 | 24.30 | 27.23 | NOTE | |
r-release-macos-arm64 | 0.1.5 | 21.00 | NOTE | |||
r-release-macos-x86_64 | 0.1.5 | 27.00 | NOTE | |||
r-release-windows-x86_64 | 0.1.5 | 5.00 | 52.00 | 57.00 | NOTE | |
r-oldrel-macos-arm64 | 0.1.5 | 20.00 | NOTE | |||
r-oldrel-macos-x86_64 | 0.1.5 | 27.00 | NOTE | |||
r-oldrel-windows-x86_64 | 0.1.5 | 7.00 | 51.00 | 58.00 | NOTE |
Version: 0.1.5
Check: LazyData
Result: NOTE
'LazyData' is specified without a 'data' directory
Flavors: r-devel-linux-x86_64-debian-clang, r-devel-linux-x86_64-debian-gcc, r-devel-linux-x86_64-fedora-clang, r-devel-linux-x86_64-fedora-gcc, r-devel-windows-x86_64, r-patched-linux-x86_64, r-release-linux-x86_64, r-release-macos-arm64, r-release-macos-x86_64, r-release-windows-x86_64, r-oldrel-macos-arm64, r-oldrel-macos-x86_64, r-oldrel-windows-x86_64
Version: 0.1.5
Check: dependencies in R code
Result: NOTE
Namespace in Imports field not imported from: ‘dplyr’
All declared Imports should be used.
Flavors: r-devel-linux-x86_64-fedora-clang, r-devel-linux-x86_64-fedora-gcc