Last updated on 2024-08-16 11:49:41 CEST.
Flavor | Version | Tinstall | Tcheck | Ttotal | Status | Flags |
---|---|---|---|---|---|---|
r-devel-linux-x86_64-debian-clang | 0.1.0 | 4.10 | 43.87 | 47.97 | OK | |
r-devel-linux-x86_64-debian-gcc | 0.1.0 | 2.92 | 32.42 | 35.34 | OK | |
r-devel-linux-x86_64-fedora-clang | 0.1.0 | 77.09 | NOTE | |||
r-devel-linux-x86_64-fedora-gcc | 0.1.0 | 84.45 | NOTE | |||
r-devel-windows-x86_64 | 0.1.0 | 6.00 | 60.00 | 66.00 | OK | |
r-patched-linux-x86_64 | 0.1.0 | 3.72 | 41.69 | 45.41 | OK | |
r-release-linux-x86_64 | 0.1.0 | 3.19 | 41.25 | 44.44 | OK | |
r-release-macos-arm64 | 0.1.0 | 34.00 | OK | |||
r-release-macos-x86_64 | 0.1.0 | 54.00 | OK | |||
r-release-windows-x86_64 | 0.1.0 | 7.00 | 695.00 | 702.00 | OK | |
r-oldrel-macos-arm64 | 0.1.0 | 39.00 | OK | |||
r-oldrel-macos-x86_64 | 0.1.0 | 81.00 | OK | |||
r-oldrel-windows-x86_64 | 0.1.0 | 7.00 | 70.00 | 77.00 | OK |
Version: 0.1.0
Check: data for non-ASCII characters
Result: NOTE
Note: found 19 marked UTF-8 strings
Flavors: r-devel-linux-x86_64-fedora-clang, r-devel-linux-x86_64-fedora-gcc