Last updated on 2024-08-16 11:49:41 CEST.
Flavor | Version | Tinstall | Tcheck | Ttotal | Status | Flags |
---|---|---|---|---|---|---|
r-devel-linux-x86_64-debian-clang | 0.1.0 | 6.25 | 98.86 | 105.11 | NOTE | |
r-devel-linux-x86_64-debian-gcc | 0.1.0 | 4.98 | 69.45 | 74.43 | NOTE | |
r-devel-linux-x86_64-fedora-clang | 0.1.0 | 170.77 | OK | |||
r-devel-linux-x86_64-fedora-gcc | 0.1.0 | 174.84 | OK | |||
r-devel-windows-x86_64 | 0.1.0 | 10.00 | 109.00 | 119.00 | NOTE | |
r-patched-linux-x86_64 | 0.1.0 | 13.24 | 93.56 | 106.80 | OK | |
r-release-linux-x86_64 | 0.1.0 | 7.41 | 94.33 | 101.74 | OK | |
r-release-macos-arm64 | 0.1.0 | 56.00 | OK | |||
r-release-macos-x86_64 | 0.1.0 | 135.00 | OK | |||
r-release-windows-x86_64 | 0.1.0 | 10.00 | 135.00 | 145.00 | OK | |
r-oldrel-macos-arm64 | 0.1.0 | 68.00 | OK | |||
r-oldrel-macos-x86_64 | 0.1.0 | 124.00 | OK | |||
r-oldrel-windows-x86_64 | 0.1.0 | 13.00 | 134.00 | 147.00 | OK |
Version: 0.1.0
Check: Rd cross-references
Result: NOTE
Found the following Rd file(s) with Rd \link{} targets missing package
anchors:
geom_arrow.Rd: aes_position, aes_colour_fill_alpha, aes_group_order,
aes_linetype_size_shape
geom_arrow_chain.Rd: aes_position, aes_colour_fill_alpha,
aes_group_order, aes_linetype_size_shape
geom_arrow_curve.Rd: aes_position, aes_colour_fill_alpha,
aes_group_order, aes_linetype_size_shape
geom_arrow_segment.Rd: aes_position, aes_colour_fill_alpha,
aes_group_order, aes_linetype_size_shape
Please provide package anchors for all Rd \link{} targets not in the
package itself and the base packages.
Flavors: r-devel-linux-x86_64-debian-clang, r-devel-linux-x86_64-debian-gcc, r-devel-windows-x86_64