Last updated on 2024-05-19 11:59:42 CEST.
Flavor | Version | Tinstall | Tcheck | Ttotal | Status | Flags |
---|---|---|---|---|---|---|
r-devel-linux-x86_64-debian-clang | 0.1.0 | 6.06 | 45.40 | 51.46 | NOTE | |
r-devel-linux-x86_64-debian-gcc | 0.1.0 | 4.46 | 34.50 | 38.96 | NOTE | |
r-devel-linux-x86_64-fedora-clang | 0.1.0 | 61.58 | NOTE | |||
r-devel-linux-x86_64-fedora-gcc | 0.1.0 | 85.93 | NOTE | |||
r-devel-windows-x86_64 | 0.1.0 | 6.00 | 53.00 | 59.00 | NOTE | |
r-patched-linux-x86_64 | 0.1.0 | 5.46 | 42.62 | 48.08 | NOTE | |
r-release-linux-x86_64 | 0.1.0 | 5.20 | 42.54 | 47.74 | NOTE | |
r-release-macos-arm64 | 0.1.0 | 23.00 | NOTE | |||
r-release-windows-x86_64 | 0.1.0 | 6.00 | 53.00 | 59.00 | NOTE | |
r-oldrel-macos-arm64 | 0.1.0 | 22.00 | NOTE | |||
r-oldrel-macos-x86_64 | 0.1.0 | 32.00 | NOTE | |||
r-oldrel-windows-x86_64 | 0.1.0 | 8.00 | 61.00 | 69.00 | NOTE |
Version: 0.1.0
Check: LazyData
Result: NOTE
'LazyData' is specified without a 'data' directory
Flavors: r-devel-linux-x86_64-debian-clang, r-devel-linux-x86_64-debian-gcc, r-devel-linux-x86_64-fedora-clang, r-devel-linux-x86_64-fedora-gcc, r-devel-windows-x86_64, r-patched-linux-x86_64, r-release-linux-x86_64, r-release-macos-arm64, r-release-windows-x86_64, r-oldrel-macos-arm64, r-oldrel-macos-x86_64, r-oldrel-windows-x86_64