Last updated on 2024-03-28 06:52:49 CET.
Flavor | Version | Tinstall | Tcheck | Ttotal | Status | Flags |
---|---|---|---|---|---|---|
r-devel-linux-x86_64-debian-clang | 1.0.3 | 5.09 | 210.33 | 215.42 | OK | |
r-devel-linux-x86_64-debian-gcc | 1.0.3 | 3.61 | 160.04 | 163.65 | OK | |
r-devel-linux-x86_64-fedora-clang | 1.0.3 | 254.97 | NOTE | |||
r-devel-linux-x86_64-fedora-gcc | 1.0.3 | 268.39 | NOTE | |||
r-devel-windows-x86_64 | 1.0.3 | 5.00 | 172.00 | 177.00 | OK | |
r-patched-linux-x86_64 | 1.0.3 | 3.63 | 204.66 | 208.29 | OK | |
r-release-linux-x86_64 | 1.0.3 | 3.09 | 202.86 | 205.95 | OK | |
r-release-macos-arm64 | 1.0.3 | 117.00 | OK | |||
r-release-macos-x86_64 | 1.0.3 | 300.00 | OK | |||
r-release-windows-x86_64 | 1.0.3 | 6.00 | 225.00 | 231.00 | OK | |
r-oldrel-macos-arm64 | 1.0.3 | 106.00 | OK | |||
r-oldrel-windows-x86_64 | 1.0.3 | 8.00 | 232.00 | 240.00 | OK |
Version: 1.0.3
Check: data for non-ASCII characters
Result: NOTE
Note: found 2356 marked UTF-8 strings
Flavors: r-devel-linux-x86_64-fedora-clang, r-devel-linux-x86_64-fedora-gcc