Last updated on 2023-03-22 05:52:27 CET.
Flavor | Version | Tinstall | Tcheck | Ttotal | Status | Flags |
---|---|---|---|---|---|---|
r-devel-linux-x86_64-debian-clang | 1.0.0 | 5.49 | 66.90 | 72.39 | NOTE | |
r-devel-linux-x86_64-debian-gcc | 1.0.0 | 4.14 | 50.33 | 54.47 | NOTE | |
r-devel-linux-x86_64-fedora-clang | 1.0.0 | 90.32 | NOTE | |||
r-devel-linux-x86_64-fedora-gcc | 1.0.0 | 100.98 | NOTE | |||
r-patched-linux-x86_64 | 1.0.0 | 5.76 | 67.05 | 72.81 | NOTE | |
r-release-linux-x86_64 | 1.0.0 | 5.28 | 65.78 | 71.06 | NOTE | |
r-release-macos-arm64 | 1.0.0 | 35.00 | NOTE | |||
r-release-macos-x86_64 | 1.0.0 | 61.00 | NOTE | |||
r-release-windows-x86_64 | 1.0.0 | 20.00 | 99.00 | 119.00 | NOTE | |
r-oldrel-macos-arm64 | 1.0.0 | 54.00 | NOTE | |||
r-oldrel-macos-x86_64 | 1.0.0 | 54.00 | NOTE | |||
r-oldrel-windows-ix86+x86_64 | 1.0.0 | 14.00 | 94.00 | 108.00 | NOTE |
Version: 1.0.0
Check: LazyData
Result: NOTE
'LazyData' is specified without a 'data' directory
Flavors: r-devel-linux-x86_64-debian-clang, r-devel-linux-x86_64-debian-gcc, r-devel-linux-x86_64-fedora-clang, r-devel-linux-x86_64-fedora-gcc, r-patched-linux-x86_64, r-release-linux-x86_64, r-release-macos-arm64, r-release-macos-x86_64, r-release-windows-x86_64, r-oldrel-macos-arm64, r-oldrel-macos-x86_64, r-oldrel-windows-ix86+x86_64