CRAN Package Check Results for Package ggforce

Last updated on 2019-05-21 05:49:02 CEST.

Flavor Version Tinstall Tcheck Ttotal Status Flags
r-devel-linux-x86_64-debian-clang 0.2.2 87.28 159.26 246.54 OK
r-devel-linux-x86_64-debian-gcc 0.2.2 76.99 121.72 198.71 OK
r-devel-linux-x86_64-fedora-clang 0.2.2 315.01 NOTE
r-devel-linux-x86_64-fedora-gcc 0.2.2 313.59 OK
r-devel-windows-ix86+x86_64 0.2.2 211.00 325.00 536.00 NOTE
r-patched-linux-x86_64 0.2.2 83.13 158.01 241.14 OK
r-patched-solaris-x86 0.2.2 350.50 OK
r-release-linux-x86_64 0.2.2 89.11 158.56 247.67 OK
r-release-windows-ix86+x86_64 0.2.2 202.00 339.00 541.00 NOTE
r-release-osx-x86_64 0.2.2 NOTE
r-oldrel-windows-ix86+x86_64 0.2.2 122.00 228.00 350.00 WARN
r-oldrel-osx-x86_64 0.2.2 NOTE

Check Details

Version: 0.2.2
Check: installed package size
Result: NOTE
     installed size is 21.5Mb
     sub-directories of 1Mb or more:
     doc 2.9Mb
     libs 17.7Mb
Flavors: r-devel-linux-x86_64-fedora-clang, r-devel-windows-ix86+x86_64, r-release-windows-ix86+x86_64, r-release-osx-x86_64, r-oldrel-windows-ix86+x86_64, r-oldrel-osx-x86_64

Version: 0.2.2
Check: whether package can be installed
Result: WARN
    Found the following significant warnings:
     Warning: S3 methods '[.fun_list', '[.grouped_df', 'all.equal.tbl_df', 'anti_join.data.frame', 'anti_join.tbl_df', 'arrange.data.frame', 'arrange.default', 'arrange.grouped_df', 'arrange.tbl_df', 'arrange_.data.frame', 'arrange_.tbl_df', 'as.data.frame.grouped_df', 'as.data.frame.rowwise_df', 'as.data.frame.tbl_cube', 'as.table.tbl_cube', 'as.tbl.data.frame', 'as.tbl.tbl', 'as.tbl_cube.array', 'as.tbl_cube.data.frame', 'as.tbl_cube.matrix', 'as.tbl_cube.table', 'as_tibble.grouped_df', 'as_tibble.tbl_cube', 'auto_copy.tbl_cube', 'auto_copy.tbl_df', 'cbind.grouped_df', 'collapse.data.frame', 'collect.data.frame', 'common_by.NULL', 'common_by.character', 'common_by.default', 'common_by.list', 'compute.data.frame', 'copy_to.DBIConnection', 'copy_to.src_local', 'default_missing.data.frame', 'default_missing.default', 'dim.tbl_cube', 'distinct.data.frame', 'distinct.default', 'distinct.grouped_df', 'distinct.tbl_df', 'distinct_.data.frame', 'distinct_.grouped_df', 'distinct_.tbl_df', 'do.NULL', 'do.da [... truncated]
Flavor: r-oldrel-windows-ix86+x86_64