CRAN Package Check Results for Package ggforce

Last updated on 2019-03-23 05:47:50 CET.

Flavor Version Tinstall Tcheck Ttotal Status Flags
r-devel-linux-x86_64-debian-clang 0.2.1 85.75 167.17 252.92 OK
r-devel-linux-x86_64-debian-gcc 0.2.1 74.40 125.17 199.57 OK
r-devel-linux-x86_64-fedora-clang 0.2.1 325.78 NOTE
r-devel-linux-x86_64-fedora-gcc 0.2.1 307.67 OK
r-devel-windows-ix86+x86_64 0.2.1 195.00 310.00 505.00 NOTE
r-patched-linux-x86_64 0.2.1 90.16 162.79 252.95 OK
r-patched-solaris-x86 0.2.1 350.80 OK
r-release-linux-x86_64 0.2.1 0.58 3.17 3.75 ERROR
r-release-windows-ix86+x86_64 0.2.1 149.00 264.00 413.00 NOTE
r-release-osx-x86_64 0.2.1 NOTE
r-oldrel-windows-ix86+x86_64 0.2.1 171.00 375.00 546.00 NOTE
r-oldrel-osx-x86_64 0.2.1 NOTE

Check Details

Version: 0.2.1
Check: installed package size
Result: NOTE
     installed size is 23.4Mb
     sub-directories of 1Mb or more:
     doc 2.8Mb
     libs 19.6Mb
Flavors: r-devel-linux-x86_64-fedora-clang, r-devel-windows-ix86+x86_64, r-release-windows-ix86+x86_64, r-release-osx-x86_64, r-oldrel-windows-ix86+x86_64, r-oldrel-osx-x86_64

Version: 0.2.1
Check: whether package can be installed
Result: ERROR
    Installation failed.
Flavor: r-release-linux-x86_64