Last updated on 2024-04-20 11:50:13 CEST.
Flavor | Version | Tinstall | Tcheck | Ttotal | Status | Flags |
---|---|---|---|---|---|---|
r-devel-linux-x86_64-debian-clang | 0.4.2 | 120.95 | 168.02 | 288.97 | OK | |
r-devel-linux-x86_64-debian-gcc | 0.4.2 | 95.77 | 126.85 | 222.62 | OK | |
r-devel-linux-x86_64-fedora-clang | 0.4.2 | 368.77 | OK | |||
r-devel-linux-x86_64-fedora-gcc | 0.4.2 | 379.46 | OK | |||
r-prerel-macos-arm64 | 0.4.2 | 87.00 | NOTE | |||
r-prerel-macos-x86_64 | 0.4.2 | 201.00 | NOTE | |||
r-prerel-windows-x86_64 | 0.4.2 | 90.00 | 165.00 | 255.00 | OK | |
r-patched-linux-x86_64 | 0.4.2 | 126.48 | 161.89 | 288.37 | OK | |
r-release-linux-x86_64 | 0.4.2 | 109.27 | 167.00 | 276.27 | OK | |
r-release-macos-arm64 | 0.4.2 | 90.00 | NOTE | |||
r-release-macos-x86_64 | 0.4.2 | 193.00 | NOTE | |||
r-release-windows-x86_64 | 0.4.2 | 111.00 | 203.00 | 314.00 | OK | |
r-oldrel-macos-arm64 | 0.4.2 | 93.00 | NOTE | |||
r-oldrel-windows-x86_64 | 0.4.2 | 106.00 | 187.00 | 293.00 | OK |
Version: 0.4.2
Check: installed package size
Result: NOTE
installed size is 22.3Mb
sub-directories of 1Mb or more:
help 1.2Mb
libs 20.4Mb
Flavors: r-prerel-macos-arm64, r-prerel-macos-x86_64, r-release-macos-arm64, r-release-macos-x86_64, r-oldrel-macos-arm64