Last updated on 2024-04-19 18:05:27 CEST.
Flavor | Version | Tinstall | Tcheck | Ttotal | Status | Flags |
---|---|---|---|---|---|---|
r-devel-linux-x86_64-debian-clang | 1.0.1 | 9.18 | 131.89 | 141.07 | NOTE | |
r-devel-linux-x86_64-debian-gcc | 1.0.1 | NOTE | ||||
r-devel-linux-x86_64-fedora-clang | 1.0.1 | 190.31 | NOTE | |||
r-devel-linux-x86_64-fedora-gcc | 1.0.1 | 174.35 | NOTE | |||
r-prerel-macos-arm64 | 1.0.1 | 54.00 | NOTE | |||
r-prerel-windows-x86_64 | 1.0.1 | 12.00 | 109.00 | 121.00 | NOTE | |
r-patched-linux-x86_64 | 1.0.1 | 15.48 | 123.87 | 139.35 | NOTE | |
r-release-linux-x86_64 | 1.0.1 | 7.79 | 120.18 | 127.97 | OK | |
r-release-macos-arm64 | 1.0.1 | 55.00 | OK | |||
r-release-macos-x86_64 | 1.0.1 | 92.00 | OK | |||
r-release-windows-x86_64 | 1.0.1 | 13.00 | 130.00 | 143.00 | OK | |
r-oldrel-macos-arm64 | 1.0.1 | 41.00 | OK | |||
r-oldrel-windows-x86_64 | 1.0.1 | 13.00 | 138.00 | 151.00 | OK |
Version: 1.0.1
Check: Rd files
Result: NOTE
checkRd: (-1) render_context.Rd:42: Lost braces; missing escapes or markup?
42 | \item{xmin, ymin, xmax, ymax}{Boundaries of the area in pixels. {0,0} is the
| ^
Flavors: r-devel-linux-x86_64-debian-clang, r-devel-linux-x86_64-debian-gcc, r-devel-linux-x86_64-fedora-clang, r-devel-linux-x86_64-fedora-gcc, r-prerel-macos-arm64, r-prerel-windows-x86_64, r-patched-linux-x86_64