CRAN Package Check Results for Package ggguitar

Last updated on 2019-10-19 17:46:53 CEST.

Flavor Version Tinstall Tcheck Ttotal Status Flags
r-devel-linux-x86_64-debian-clang 0.1.1 1.82 29.76 31.58 NOTE
r-devel-linux-x86_64-debian-gcc 0.1.1 1.59 23.83 25.42 NOTE
r-devel-linux-x86_64-fedora-clang 0.1.1 39.23 NOTE
r-devel-linux-x86_64-fedora-gcc 0.1.1 37.99 NOTE
r-devel-windows-ix86+x86_64 0.1.1 7.00 39.00 46.00 NOTE
r-patched-linux-x86_64 0.1.1 1.68 27.99 29.67 OK
r-patched-solaris-x86 0.1.1 56.00 NOTE
r-release-linux-x86_64 0.1.1 1.48 29.49 30.97 OK
r-release-windows-ix86+x86_64 0.1.1 5.00 59.00 64.00 OK
r-release-osx-x86_64 0.1.1 NOTE
r-oldrel-windows-ix86+x86_64 0.1.1 4.00 43.00 47.00 OK
r-oldrel-osx-x86_64 0.1.1 NOTE

Check Details

Version: 0.1.1
Check: package vignettes
Result: NOTE
    Package vignette with placeholder title 'Vignette Title':
     'my-vignette.Rmd'
Flavors: r-devel-linux-x86_64-debian-clang, r-devel-linux-x86_64-debian-gcc, r-devel-windows-ix86+x86_64

Version: 0.1.1
Check: dependencies in R code
Result: NOTE
    Namespaces in Imports field not imported from:
     ‘gridExtra’ ‘lazyeval’ ‘readr’
     All declared Imports should be used.
Flavors: r-devel-linux-x86_64-fedora-clang, r-devel-linux-x86_64-fedora-gcc, r-patched-solaris-x86, r-release-osx-x86_64, r-oldrel-osx-x86_64