Last updated on 2023-03-30 11:54:27 CEST.
Flavor | Version | Tinstall | Tcheck | Ttotal | Status | Flags |
---|---|---|---|---|---|---|
r-devel-linux-x86_64-debian-clang | 0.3.1 | 43.13 | 77.88 | 121.01 | NOTE | |
r-devel-linux-x86_64-debian-gcc | 0.3.1 | 30.11 | 58.49 | 88.60 | NOTE | |
r-devel-linux-x86_64-fedora-clang | 0.3.1 | 162.28 | NOTE | |||
r-devel-linux-x86_64-fedora-gcc | 0.3.1 | 175.83 | NOTE | |||
r-devel-windows-x86_64 | 0.3.1 | 54.00 | 107.00 | 161.00 | NOTE | |
r-patched-linux-x86_64 | 0.3.1 | 33.30 | 73.80 | 107.10 | NOTE | |
r-release-linux-x86_64 | 0.3.1 | 35.73 | 76.27 | 112.00 | OK | |
r-release-macos-arm64 | 0.3.1 | 49.00 | OK | |||
r-release-macos-x86_64 | 0.3.1 | 65.00 | OK | |||
r-release-windows-x86_64 | 0.3.1 | 59.00 | 128.00 | 187.00 | OK | |
r-oldrel-macos-arm64 | 0.3.1 | 48.00 | OK | |||
r-oldrel-macos-x86_64 | 0.3.1 | 71.00 | OK | |||
r-oldrel-windows-ix86+x86_64 | 0.3.1 | 100.00 | 165.00 | 265.00 | OK |
Version: 0.3.1
Check: C++ specification
Result: NOTE
Specified C++11: please drop specification unless essential
Flavors: r-devel-linux-x86_64-debian-clang, r-devel-linux-x86_64-debian-gcc, r-devel-linux-x86_64-fedora-clang, r-devel-linux-x86_64-fedora-gcc, r-devel-windows-x86_64, r-patched-linux-x86_64