CRAN Package Check Results for Package ggjoy

Last updated on 2022-01-24 06:48:52 CET.

Flavor Version Tinstall Tcheck Ttotal Status Flags
r-devel-linux-x86_64-debian-clang 0.4.1 4.42 55.84 60.26 NOTE
r-devel-linux-x86_64-debian-gcc 0.4.1 3.52 41.76 45.28 NOTE
r-devel-linux-x86_64-fedora-clang 0.4.1 71.77 NOTE
r-devel-linux-x86_64-fedora-gcc 0.4.1 59.51 NOTE
r-devel-windows-x86_64-new-UL 0.4.1 16.00 73.00 89.00 NOTE
r-devel-windows-x86_64-new-TK 0.4.1 NOTE
r-patched-linux-x86_64 0.4.1 7.37 50.85 58.22 NOTE
r-release-linux-x86_64 0.4.1 3.82 51.23 55.05 NOTE
r-release-macos-arm64 0.4.1 NOTE
r-release-macos-x86_64 0.4.1 NOTE
r-release-windows-ix86+x86_64 0.4.1 14.00 65.00 79.00 NOTE
r-oldrel-macos-x86_64 0.4.1 OK
r-oldrel-windows-ix86+x86_64 0.4.1 13.00 67.00 80.00 OK

Check Details

Version: 0.4.1
Check: LazyData
Result: NOTE
     'LazyData' is specified without a 'data' directory
Flavors: r-devel-linux-x86_64-debian-clang, r-devel-linux-x86_64-debian-gcc, r-devel-linux-x86_64-fedora-clang, r-devel-linux-x86_64-fedora-gcc, r-devel-windows-x86_64-new-UL, r-devel-windows-x86_64-new-TK, r-patched-linux-x86_64, r-release-linux-x86_64, r-release-macos-arm64, r-release-macos-x86_64, r-release-windows-ix86+x86_64