Last updated on 2021-04-21 00:47:50 CEST.
Flavor | Version | Tinstall | Tcheck | Ttotal | Status | Flags |
---|---|---|---|---|---|---|
r-devel-linux-x86_64-debian-clang | 3.0.0 | 13.51 | 85.67 | 99.18 | OK | |
r-devel-linux-x86_64-debian-gcc | 3.0.0 | 8.90 | 64.24 | 73.14 | OK | |
r-devel-linux-x86_64-fedora-clang | 3.0.0 | 124.94 | OK | |||
r-devel-linux-x86_64-fedora-gcc | 3.0.0 | 111.97 | OK | |||
r-devel-windows-ix86+x86_64 | 3.0.0 | 21.00 | 80.00 | 101.00 | OK | |
r-devel-windows-x86_64-gcc10-UCRT | 3.0.0 | OK | ||||
r-patched-linux-x86_64 | 3.0.0 | 17.90 | 79.13 | 97.03 | WARN | |
r-patched-solaris-x86 | 3.0.0 | 160.10 | NOTE | |||
r-release-linux-x86_64 | 3.0.0 | 13.22 | 78.31 | 91.53 | OK | |
r-release-macos-x86_64 | 3.0.0 | OK | ||||
r-release-windows-ix86+x86_64 | 3.0.0 | 26.00 | 106.00 | 132.00 | OK | |
r-oldrel-macos-x86_64 | 3.0.0 | OK | ||||
r-oldrel-windows-ix86+x86_64 | 3.0.0 | 22.00 | 98.00 | 120.00 | OK |
Version: 3.0.0
Check: whether package can be installed
Result: WARN
Found the following significant warnings:
Rd warning: /tmp/RtmpGnYtpg/R.INSTALL5d4042fbcb09/ggmap/man/reexports.Rd:14: file link ‘%>%’ in package ‘magrittr’ does not exist and so has been treated as a topic
Flavor: r-patched-linux-x86_64
Version: 3.0.0
Check: installed package size
Result: NOTE
installed size is 5.1Mb
sub-directories of 1Mb or more:
data 4.5Mb
Flavor: r-patched-solaris-x86