CRAN Package Check Results for Package ggmosaic

Last updated on 2021-12-08 23:49:18 CET.

Flavor Version Tinstall Tcheck Ttotal Status Flags
r-devel-linux-x86_64-debian-clang 0.3.3 8.98 99.90 108.88 OK
r-devel-linux-x86_64-debian-gcc 0.3.3 6.64 73.44 80.08 OK
r-devel-linux-x86_64-fedora-clang 0.3.3 129.85 NOTE
r-devel-linux-x86_64-fedora-gcc 0.3.3 114.79 NOTE
r-devel-windows-x86_64-new-UL 0.3.3 21.00 146.00 167.00 OK
r-devel-windows-x86_64-new-TK 0.3.3 NOTE
r-devel-windows-x86_64-old 0.3.3 16.00 115.00 131.00 OK
r-patched-linux-x86_64 0.3.3 9.59 90.23 99.82 OK
r-release-linux-x86_64 0.3.3 8.38 89.80 98.18 OK
r-release-macos-arm64 0.3.3 NOTE
r-release-macos-x86_64 0.3.3 NOTE
r-release-windows-ix86+x86_64 0.3.3 15.00 108.00 123.00 OK
r-oldrel-macos-x86_64 0.3.3 NOTE
r-oldrel-windows-ix86+x86_64 0.3.3 21.00 109.00 130.00 OK

Check Details

Version: 0.3.3
Check: dependencies in R code
Result: NOTE
    Namespaces in Imports field not imported from:
     ‘productplots’ ‘scales’
     All declared Imports should be used.
Flavors: r-devel-linux-x86_64-fedora-clang, r-devel-linux-x86_64-fedora-gcc, r-devel-windows-x86_64-new-TK, r-release-macos-arm64, r-release-macos-x86_64, r-oldrel-macos-x86_64