Last updated on 2024-03-28 17:49:29 CET.
Flavor | Version | Tinstall | Tcheck | Ttotal | Status | Flags |
---|---|---|---|---|---|---|
r-devel-linux-x86_64-debian-clang | 1.0.0 | 13.55 | 251.99 | 265.54 | NOTE | |
r-devel-linux-x86_64-debian-gcc | 1.0.0 | 9.84 | 183.82 | 193.66 | NOTE | |
r-devel-linux-x86_64-fedora-clang | 1.0.0 | 320.14 | NOTE | |||
r-devel-linux-x86_64-fedora-gcc | 1.0.0 | 322.20 | NOTE | |||
r-devel-windows-x86_64 | 1.0.0 | 11.00 | 178.00 | 189.00 | NOTE | |
r-patched-linux-x86_64 | 1.0.0 | 17.58 | 243.46 | 261.04 | NOTE | |
r-release-linux-x86_64 | 1.0.0 | 11.03 | 245.73 | 256.76 | NOTE | |
r-release-macos-arm64 | 1.0.0 | 98.00 | NOTE | |||
r-release-macos-x86_64 | 1.0.0 | 168.00 | NOTE | |||
r-release-windows-x86_64 | 1.0.0 | 15.00 | 230.00 | 245.00 | NOTE | |
r-oldrel-macos-arm64 | 1.0.0 | 102.00 | NOTE | |||
r-oldrel-windows-x86_64 | 1.0.0 | 15.00 | 235.00 | 250.00 | NOTE |
Version: 1.0.0
Check: LazyData
Result: NOTE
'LazyData' is specified without a 'data' directory
Flavors: r-devel-linux-x86_64-debian-clang, r-devel-linux-x86_64-debian-gcc, r-devel-linux-x86_64-fedora-clang, r-devel-linux-x86_64-fedora-gcc, r-devel-windows-x86_64, r-patched-linux-x86_64, r-release-linux-x86_64, r-release-macos-arm64, r-release-macos-x86_64, r-release-windows-x86_64, r-oldrel-macos-arm64, r-oldrel-windows-x86_64
Version: 1.0.0
Check: dependencies in R code
Result: NOTE
Namespace in Imports field not imported from: ‘survival’
All declared Imports should be used.
Flavors: r-devel-linux-x86_64-fedora-clang, r-devel-linux-x86_64-fedora-gcc, r-oldrel-macos-arm64