Last updated on 2024-08-16 11:49:41 CEST.
Flavor | Version | Tinstall | Tcheck | Ttotal | Status | Flags |
---|---|---|---|---|---|---|
r-devel-linux-x86_64-debian-clang | 1.1.1 | 6.97 | 140.57 | 147.54 | NOTE | |
r-devel-linux-x86_64-debian-gcc | 1.1.1 | 5.83 | 97.85 | 103.68 | NOTE | |
r-devel-linux-x86_64-fedora-clang | 1.1.1 | 244.65 | OK | |||
r-devel-linux-x86_64-fedora-gcc | 1.1.1 | 245.05 | OK | |||
r-devel-windows-x86_64 | 1.1.1 | 10.00 | 139.00 | 149.00 | NOTE | |
r-patched-linux-x86_64 | 1.1.1 | 11.08 | 133.04 | 144.12 | OK | |
r-release-linux-x86_64 | 1.1.1 | 7.70 | 133.46 | 141.16 | OK | |
r-release-macos-arm64 | 1.1.1 | 68.00 | OK | |||
r-release-macos-x86_64 | 1.1.1 | 151.00 | OK | |||
r-release-windows-x86_64 | 1.1.1 | 11.00 | 153.00 | 164.00 | OK | |
r-oldrel-macos-arm64 | 1.1.1 | 85.00 | OK | |||
r-oldrel-macos-x86_64 | 1.1.1 | 164.00 | OK | |||
r-oldrel-windows-x86_64 | 1.1.1 | 13.00 | 174.00 | 187.00 | OK |
Version: 1.1.1
Check: Rd cross-references
Result: NOTE
Found the following Rd file(s) with Rd \link{} targets missing package
anchors:
draw_key_polygon_pattern.Rd: layer
scale_pattern_alpha_continuous.Rd: continuous_scale, binned_scale,
discrete_scale
scale_pattern_colour_brewer.Rd: discrete_scale, continuous_scale,
binned_scale
scale_pattern_colour_viridis_d.Rd: discrete_scale, continuous_scale,
binned_scale
Please provide package anchors for all Rd \link{} targets not in the
package itself and the base packages.
Flavors: r-devel-linux-x86_64-debian-clang, r-devel-linux-x86_64-debian-gcc, r-devel-windows-x86_64