Last updated on 2023-03-31 05:54:24 CEST.
Flavor | Version | Tinstall | Tcheck | Ttotal | Status | Flags |
---|---|---|---|---|---|---|
r-devel-linux-x86_64-debian-clang | 0.1.3 | 11.43 | 80.30 | 91.73 | NOTE | |
r-devel-linux-x86_64-debian-gcc | 0.1.3 | 7.91 | 60.48 | 68.39 | NOTE | |
r-devel-linux-x86_64-fedora-clang | 0.1.3 | 112.97 | NOTE | |||
r-devel-linux-x86_64-fedora-gcc | 0.1.3 | 127.54 | NOTE | |||
r-devel-windows-x86_64 | 0.1.3 | 26.00 | 0.00 | 26.00 | NOTE | |
r-patched-linux-x86_64 | 0.1.3 | 8.85 | 75.77 | 84.62 | NOTE | |
r-release-linux-x86_64 | 0.1.3 | 7.30 | 83.24 | 90.54 | NOTE | |
r-release-macos-arm64 | 0.1.3 | 36.00 | NOTE | |||
r-release-macos-x86_64 | 0.1.3 | 64.00 | NOTE | |||
r-release-windows-x86_64 | 0.1.3 | 25.00 | 115.00 | 140.00 | NOTE | |
r-oldrel-macos-arm64 | 0.1.3 | 46.00 | NOTE | |||
r-oldrel-macos-x86_64 | 0.1.3 | 57.00 | NOTE | |||
r-oldrel-windows-ix86+x86_64 | 0.1.3 | 27.00 | 120.00 | 147.00 | NOTE |
Version: 0.1.3
Check: LazyData
Result: NOTE
'LazyData' is specified without a 'data' directory
Flavors: r-devel-linux-x86_64-debian-clang, r-devel-linux-x86_64-debian-gcc, r-devel-linux-x86_64-fedora-clang, r-devel-linux-x86_64-fedora-gcc, r-devel-windows-x86_64, r-patched-linux-x86_64, r-release-linux-x86_64, r-release-macos-arm64, r-release-macos-x86_64, r-release-windows-x86_64, r-oldrel-macos-arm64, r-oldrel-macos-x86_64, r-oldrel-windows-ix86+x86_64
Version: 0.1.3
Check: dependencies in R code
Result: NOTE
Namespaces in Imports field not imported from:
‘gcookbook’ ‘ggthemes’ ‘moonBook’ ‘tidyverse’
All declared Imports should be used.
Flavors: r-devel-linux-x86_64-fedora-clang, r-devel-linux-x86_64-fedora-gcc, r-release-macos-arm64, r-release-macos-x86_64, r-oldrel-macos-arm64, r-oldrel-macos-x86_64
Version: 0.1.3
Check: R code for possible problems
Result: NOTE
Initiating curl with CURL_SSL_BACKEND: openssl
Flavor: r-oldrel-windows-ix86+x86_64