CRAN Package Check Results for Package ggpubr

Last updated on 2024-02-25 01:01:05 CET.

Flavor Version Tinstall Tcheck Ttotal Status Flags
r-devel-linux-x86_64-debian-clang 0.6.0 16.90 300.57 317.47 OK
r-devel-linux-x86_64-debian-gcc 0.6.0 14.03 230.85 244.88 OK
r-devel-linux-x86_64-fedora-clang 0.6.0 388.60 NOTE
r-devel-linux-x86_64-fedora-gcc 0.6.0 380.04 OK
r-devel-windows-x86_64 0.6.0 16.00 241.00 257.00 OK
r-patched-linux-x86_64 0.6.0 22.17 302.74 324.91 OK
r-release-linux-x86_64 0.6.0 13.16 298.73 311.89 OK
r-release-macos-arm64 0.6.0 119.00 OK
r-release-macos-x86_64 0.6.0 194.00 OK
r-release-windows-x86_64 0.6.0 22.00 316.00 338.00 OK
r-oldrel-macos-arm64 0.6.0 67.00 OK
r-oldrel-windows-x86_64 0.6.0 21.00 287.00 308.00 OK

Check Details

Version: 0.6.0
Check: Rd cross-references
Result: NOTE Undeclared package ‘car’ in Rd xrefs Flavor: r-devel-linux-x86_64-fedora-clang