CRAN Package Check Results for Package ggredist

Last updated on 2024-06-13 18:49:51 CEST.

Flavor Version Tinstall Tcheck Ttotal Status Flags
r-devel-linux-x86_64-debian-clang 0.0.2 5.26 59.68 64.94 OK
r-devel-linux-x86_64-debian-gcc 0.0.2 0.39 1.55 1.94 ERROR
r-devel-linux-x86_64-fedora-clang 0.0.2 82.94 OK
r-devel-linux-x86_64-fedora-gcc 0.0.2 75.44 OK
r-devel-windows-x86_64 0.0.2 7.00 67.00 74.00 OK
r-patched-linux-x86_64 0.0.2 10.93 56.72 67.65 OK
r-release-linux-x86_64 0.0.2 5.28 56.77 62.05 OK
r-release-macos-arm64 0.0.2 25.00 OK
r-release-macos-x86_64 0.0.2 38.00 OK
r-release-windows-x86_64 0.0.2 6.00 69.00 75.00 OK
r-oldrel-macos-arm64 0.0.2 28.00 OK
r-oldrel-macos-x86_64 0.0.2 41.00 OK
r-oldrel-windows-x86_64 0.0.2 8.00 76.00 84.00 OK

Check Details

Version: 0.0.2
Check: package dependencies
Result: ERROR Package required but not available: ‘ggplot2’ Package suggested but not available for checking: ‘redist’ See section ‘The DESCRIPTION file’ in the ‘Writing R Extensions’ manual. Flavor: r-devel-linux-x86_64-debian-gcc