Last updated on 2023-03-23 05:50:23 CET.
Flavor | Version | Tinstall | Tcheck | Ttotal | Status | Flags |
---|---|---|---|---|---|---|
r-devel-linux-x86_64-debian-clang | 1.6.5 | 10.33 | 194.93 | 205.26 | NOTE | |
r-devel-linux-x86_64-debian-gcc | 1.6.5 | 8.88 | 145.73 | 154.61 | NOTE | |
r-devel-linux-x86_64-fedora-clang | 1.6.5 | 251.54 | NOTE | |||
r-devel-linux-x86_64-fedora-gcc | 1.6.5 | 263.01 | NOTE | |||
r-patched-linux-x86_64 | 1.6.5 | 11.43 | 187.27 | 198.70 | OK | |
r-release-linux-x86_64 | 1.6.5 | 9.89 | 188.65 | 198.54 | OK | |
r-release-macos-arm64 | 1.6.5 | 83.00 | OK | |||
r-release-macos-x86_64 | 1.6.5 | 102.00 | OK | |||
r-release-windows-x86_64 | 1.6.5 | 63.00 | 245.00 | 308.00 | OK | |
r-oldrel-macos-arm64 | 1.6.5 | 76.00 | OK | |||
r-oldrel-macos-x86_64 | 1.6.5 | 104.00 | OK | |||
r-oldrel-windows-ix86+x86_64 | 1.6.5 | 22.00 | 229.00 | 251.00 | OK |
Version: 1.6.5
Check: package subdirectories
Result: NOTE
Problems with news in ‘NEWS.md’:
Cannot extract version info from the following section titles:
* Changes all data options to .data to decrease possibility of column naming overlap
Flavors: r-devel-linux-x86_64-debian-clang, r-devel-linux-x86_64-debian-gcc, r-devel-linux-x86_64-fedora-clang, r-devel-linux-x86_64-fedora-gcc