Last updated on 2023-12-09 17:54:07 CET.
Flavor | Version | Tinstall | Tcheck | Ttotal | Status | Flags |
---|---|---|---|---|---|---|
r-devel-linux-x86_64-debian-clang | 0.0.5 | 6.03 | 65.14 | 71.17 | OK | |
r-devel-linux-x86_64-debian-gcc | 0.0.5 | 4.41 | 48.61 | 53.02 | OK | |
r-devel-linux-x86_64-fedora-clang | 0.0.5 | 87.45 | NOTE | |||
r-devel-linux-x86_64-fedora-gcc | 0.0.5 | 95.04 | OK | |||
r-devel-windows-x86_64 | 0.0.5 | 7.00 | 71.00 | 78.00 | OK | |
r-patched-linux-x86_64 | 0.0.5 | 6.43 | 62.02 | 68.45 | OK | |
r-release-linux-x86_64 | 0.0.5 | 5.58 | 60.97 | 66.55 | OK | |
r-release-macos-arm64 | 0.0.5 | 37.00 | OK | |||
r-release-macos-x86_64 | 0.0.5 | 55.00 | OK | |||
r-release-windows-x86_64 | 0.0.5 | 9.00 | 78.00 | 87.00 | OK | |
r-oldrel-macos-arm64 | 0.0.5 | 31.00 | OK | |||
r-oldrel-macos-x86_64 | 0.0.5 | 44.00 | OK | |||
r-oldrel-windows-x86_64 | 0.0.5 | 9.00 | 82.00 | 91.00 | OK |
Version: 0.0.5
Check: Rd cross-references
Result: NOTE
Undeclared package ‘RColorBrewer’ in Rd xrefs
Flavor: r-devel-linux-x86_64-fedora-clang