CRAN Package Check Results for Package ggshadow

Last updated on 2023-04-01 11:51:28 CEST.

Flavor Version Tinstall Tcheck Ttotal Status Flags
r-devel-linux-x86_64-debian-clang 0.0.5 6.27 64.26 70.53 OK
r-devel-linux-x86_64-debian-gcc 0.0.5 5.29 47.58 52.87 OK
r-devel-linux-x86_64-fedora-clang 0.0.5 86.40 NOTE
r-devel-linux-x86_64-fedora-gcc 0.0.5 98.07 OK
r-devel-windows-x86_64 0.0.5 13.00 97.00 110.00 OK
r-patched-linux-x86_64 0.0.5 6.32 58.71 65.03 OK
r-release-linux-x86_64 0.0.5 6.84 62.98 69.82 OK
r-release-macos-arm64 0.0.5 31.00 OK
r-release-macos-x86_64 0.0.5 44.00 OK
r-release-windows-x86_64 0.0.5 25.00 97.00 122.00 OK
r-oldrel-macos-arm64 0.0.5 32.00 OK
r-oldrel-macos-x86_64 0.0.5 46.00 OK
r-oldrel-windows-ix86+x86_64 0.0.5 15.00 90.00 105.00 OK

Check Details

Version: 0.0.5
Check: Rd cross-references
Result: NOTE
    Undeclared package ‘RColorBrewer’ in Rd xrefs
Flavor: r-devel-linux-x86_64-fedora-clang