Last updated on 2024-04-23 17:49:33 CEST.
Flavor | Version | Tinstall | Tcheck | Ttotal | Status | Flags |
---|---|---|---|---|---|---|
r-devel-linux-x86_64-debian-clang | 0.1.0 | 3.53 | 39.23 | 42.76 | OK | |
r-devel-linux-x86_64-debian-gcc | 0.1.0 | 4.02 | 30.13 | 34.15 | OK | |
r-devel-linux-x86_64-fedora-clang | 0.1.0 | 56.19 | NOTE | |||
r-devel-linux-x86_64-fedora-gcc | 0.1.0 | 52.64 | NOTE | |||
r-prerel-macos-arm64 | 0.1.0 | 21.00 | OK | |||
r-prerel-windows-x86_64 | 0.1.0 | 7.00 | 49.00 | 56.00 | OK | |
r-patched-linux-x86_64 | 0.1.0 | 4.83 | 37.66 | 42.49 | OK | |
r-release-linux-x86_64 | 0.1.0 | 3.27 | 37.89 | 41.16 | OK | |
r-release-macos-arm64 | 0.1.0 | 21.00 | OK | |||
r-release-macos-x86_64 | 0.1.0 | 31.00 | OK | |||
r-release-windows-x86_64 | 0.1.0 | 7.00 | 53.00 | 60.00 | OK | |
r-oldrel-macos-arm64 | 0.1.0 | 22.00 | NOTE | |||
r-oldrel-windows-x86_64 | 0.1.0 | 7.00 | 57.00 | 64.00 | OK |
Version: 0.1.0
Check: dependencies in R code
Result: NOTE
Namespace in Imports field not imported from: ‘tidyr’
All declared Imports should be used.
Flavors: r-devel-linux-x86_64-fedora-clang, r-devel-linux-x86_64-fedora-gcc, r-oldrel-macos-arm64