CRAN Package Check Results for Package ggwordcloud

Last updated on 2019-03-18 17:48:12 CET.

Flavor Version Tinstall Tcheck Ttotal Status Flags
r-devel-linux-x86_64-debian-clang 0.3.0 17.15 273.87 291.02 OK
r-devel-linux-x86_64-debian-gcc 0.3.0 14.35 194.94 209.29 OK
r-devel-linux-x86_64-fedora-clang 0.3.0 330.45 NOTE
r-devel-linux-x86_64-fedora-gcc 0.3.0 310.75 NOTE
r-devel-windows-ix86+x86_64 0.3.0 51.00 272.00 323.00 OK
r-patched-linux-x86_64 0.3.0 15.65 261.04 276.69 OK
r-patched-solaris-x86 0.3.0 372.20 NOTE
r-release-linux-x86_64 0.3.0 15.66 256.68 272.34 OK
r-release-windows-ix86+x86_64 0.3.0 56.00 189.00 245.00 OK
r-release-osx-x86_64 0.3.0 NOTE
r-oldrel-windows-ix86+x86_64 0.3.0 52.00 286.00 338.00 OK
r-oldrel-osx-x86_64 0.3.0 NOTE

Check Details

Version: 0.3.0
Check: data for non-ASCII characters
Result: NOTE
     Note: found 102 marked UTF-8 strings
Flavors: r-devel-linux-x86_64-fedora-clang, r-devel-linux-x86_64-fedora-gcc, r-patched-solaris-x86, r-release-osx-x86_64, r-oldrel-osx-x86_64