CRAN Package Check Results for Package ggwordcloud

Last updated on 2020-10-24 23:47:24 CEST.

Flavor Version Tinstall Tcheck Ttotal Status Flags
r-devel-linux-x86_64-debian-clang 0.5.0 23.90 169.99 193.89 OK
r-devel-linux-x86_64-debian-gcc 0.5.0 17.80 128.41 146.21 OK
r-devel-linux-x86_64-fedora-clang 0.5.0 261.37 NOTE
r-devel-linux-x86_64-fedora-gcc 0.5.0 250.20 NOTE
r-devel-windows-ix86+x86_64 0.5.0 57.00 217.00 274.00 OK
r-patched-linux-x86_64 0.5.0 22.01 161.71 183.72 OK
r-patched-solaris-x86 0.5.0 249.20 NOTE
r-release-linux-x86_64 0.5.0 21.91 159.93 181.84 OK
r-release-macos-x86_64 0.5.0 NOTE
r-release-windows-ix86+x86_64 0.5.0 41.00 173.00 214.00 OK
r-oldrel-macos-x86_64 0.5.0 NOTE
r-oldrel-windows-ix86+x86_64 0.5.0 54.00 234.00 288.00 OK

Check Details

Version: 0.5.0
Check: data for non-ASCII characters
Result: NOTE
     Note: found 203 marked UTF-8 strings
Flavors: r-devel-linux-x86_64-fedora-clang, r-devel-linux-x86_64-fedora-gcc, r-patched-solaris-x86, r-release-macos-x86_64, r-oldrel-macos-x86_64