CRAN Package Check Results for Package ggwordcloud

Last updated on 2019-05-20 12:04:00 CEST.

Flavor Version Tinstall Tcheck Ttotal Status Flags
r-devel-linux-x86_64-debian-clang 0.4.0 17.46 608.30 625.76 OK
r-devel-linux-x86_64-debian-gcc 0.4.0 15.59 428.96 444.55 OK
r-devel-linux-x86_64-fedora-clang 0.4.0 705.26 NOTE
r-devel-linux-x86_64-fedora-gcc 0.4.0 635.01 NOTE
r-devel-windows-ix86+x86_64 0.4.0 58.00 741.00 799.00 OK
r-patched-linux-x86_64 0.4.0 17.10 590.40 607.50 OK
r-patched-solaris-x86 0.4.0 736.90 NOTE
r-release-linux-x86_64 0.4.0 17.70 593.17 610.87 OK
r-release-windows-ix86+x86_64 0.4.0 58.00 732.00 790.00 OK
r-release-osx-x86_64 0.4.0 ERROR
r-oldrel-windows-ix86+x86_64 0.4.0 35.00 540.00 575.00 OK
r-oldrel-osx-x86_64 0.4.0 ERROR

Check Details

Version: 0.4.0
Check: data for non-ASCII characters
Result: NOTE
     Note: found 203 marked UTF-8 strings
Flavors: r-devel-linux-x86_64-fedora-clang, r-devel-linux-x86_64-fedora-gcc, r-patched-solaris-x86, r-release-osx-x86_64, r-oldrel-osx-x86_64

Version: 0.4.0
Check: examples
Result: ERROR
    Running examples in ‘ggwordcloud-Ex.R’ failed
    The error most likely occurred in:
    
    > ### Name: geom_text_wordcloud
    > ### Title: word cloud text geoms
    > ### Aliases: geom_text_wordcloud geom_text_wordcloud_area
    >
    > ### ** Examples
    >
    > set.seed(42)
    > data("love_words_small")
    >
    > ggplot(love_words_small, aes(label = word, size = speakers)) +
    + geom_text_wordcloud() +
    + scale_size_area(max_size = 20) +
    + theme_minimal()
    Warning in grid.Call(C_textBounds, as.graphicsAnnot(x$label), x$x, x$y, :
     conversion failure on '愛' in 'mbcsToSbcs': dot substituted for <e6>
    Warning in grid.Call(C_textBounds, as.graphicsAnnot(x$label), x$x, x$y, :
     conversion failure on '愛' in 'mbcsToSbcs': dot substituted for <84>
    Warning in grid.Call(C_textBounds, as.graphicsAnnot(x$label), x$x, x$y, :
     conversion failure on '愛' in 'mbcsToSbcs': dot substituted for <9b>
    Warning in grid.Call(C_stringMetric, as.graphicsAnnot(x$label)) :
     font metrics unknown for Unicode character U+611b
    Warning in grid.Call(C_stringMetric, as.graphicsAnnot(x$label)) :
     font metrics unknown for Unicode character U+611b
    Warning in grid.Call(C_stringMetric, as.graphicsAnnot(x$label)) :
     conversion failure on '愛' in 'mbcsToSbcs': dot substituted for <e6>
    Warning in grid.Call(C_stringMetric, as.graphicsAnnot(x$label)) :
     conversion failure on '愛' in 'mbcsToSbcs': dot substituted for <84>
    Warning in grid.Call(C_stringMetric, as.graphicsAnnot(x$label)) :
     conversion failure on '愛' in 'mbcsToSbcs': dot substituted for <9b>
    Warning in grid.Call(C_textBounds, as.graphicsAnnot(x$label), x$x, x$y, :
     conversion failure on '愛' in 'mbcsToSbcs': dot substituted for <e6>
    Warning in grid.Call(C_textBounds, as.graphicsAnnot(x$label), x$x, x$y, :
     conversion failure on '愛' in 'mbcsToSbcs': dot substituted for <84>
    Warning in grid.Call(C_textBounds, as.graphicsAnnot(x$label), x$x, x$y, :
     conversion failure on '愛' in 'mbcsToSbcs': dot substituted for <9b>
    Warning in grid.Call(C_stringMetric, as.graphicsAnnot(x$label)) :
     font metrics unknown for Unicode character U+611b
    Warning in grid.Call(C_stringMetric, as.graphicsAnnot(x$label)) :
     font metrics unknown for Unicode character U+611b
    Warning in grid.Call(C_stringMetric, as.graphicsAnnot(x$label)) :
     conversion failure on '愛' in 'mbcsToSbcs': dot substituted for <e6>
    Warning in grid.Call(C_stringMetric, as.graphicsAnnot(x$label)) :
     conversion failure on '愛' in 'mbcsToSbcs': dot substituted for <84>
    Warning in grid.Call(C_stringMetric, as.graphicsAnnot(x$label)) :
     conversion failure on '愛' in 'mbcsToSbcs': dot substituted for <9b>
    Warning in grid.Call(C_textBounds, as.graphicsAnnot(x$label), x$x, x$y, :
     conversion failure on 'حب' in 'mbcsToSbcs': dot substituted for <d8>
    Warning in grid.Call(C_textBounds, as.graphicsAnnot(x$label), x$x, x$y, :
     conversion failure on 'حب' in 'mbcsToSbcs': dot substituted for <ad>
    Warning in grid.Call(C_textBounds, as.graphicsAnnot(x$label), x$x, x$y, :
     conversion failure on 'حب' in 'mbcsToSbcs': dot substituted for <d8>
    Warning in grid.Call(C_textBounds, as.graphicsAnnot(x$label), x$x, x$y, :
     conversion failure on 'حب' in 'mbcsToSbcs': dot substituted for <a8>
    Warning in grid.Call(C_stringMetric, as.graphicsAnnot(x$label)) :
     font metrics unknown for Unicode character U+062d
    Warning in grid.Call(C_stringMetric, as.graphicsAnnot(x$label)) :
     font metrics unknown for Unicode character U+0628
    Warning in grid.Call(C_stringMetric, as.graphicsAnnot(x$label)) :
     font metrics unknown for Unicode character U+062d
    Warning in grid.Call(C_stringMetric, as.graphicsAnnot(x$label)) :
     font metrics unknown for Unicode character U+0628
    Warning in grid.Call(C_stringMetric, as.graphicsAnnot(x$label)) :
     conversion failure on 'حب' in 'mbcsToSbcs': dot substituted for <d8>
    Warning in grid.Call(C_stringMetric, as.graphicsAnnot(x$label)) :
     conversion failure on 'حب' in 'mbcsToSbcs': dot substituted for <ad>
    Warning in grid.Call(C_stringMetric, as.graphicsAnnot(x$label)) :
     conversion failure on 'حب' in 'mbcsToSbcs': dot substituted for <d8>
    Warning in grid.Call(C_stringMetric, as.graphicsAnnot(x$label)) :
     conversion failure on 'حب' in 'mbcsToSbcs': dot substituted for <a8>
    Warning in grid.Call(C_textBounds, as.graphicsAnnot(x$label), x$x, x$y, :
     conversion failure on 'حب' in 'mbcsToSbcs': dot substituted for <d8>
    Warning in grid.Call(C_textBounds, as.graphicsAnnot(x$label), x$x, x$y, :
     conversion failure on 'حب' in 'mbcsToSbcs': dot substituted for <ad>
    Warning in grid.Call(C_textBounds, as.graphicsAnnot(x$label), x$x, x$y, :
     conversion failure on 'حب' in 'mbcsToSbcs': dot substituted for <d8>
    Warning in grid.Call(C_textBounds, as.graphicsAnnot(x$label), x$x, x$y, :
     conversion failure on 'حب' in 'mbcsToSbcs': dot substituted for <a8>
    Warning in grid.Call(C_stringMetric, as.graphicsAnnot(x$label)) :
     font metrics unknown for Unicode character U+062d
    Warning in grid.Call(C_stringMetric, as.graphicsAnnot(x$label)) :
     font metrics unknown for Unicode character U+0628
    Warning in grid.Call(C_stringMetric, as.graphicsAnnot(x$label)) :
     font metrics unknown for Unicode character U+062d
    Warning in grid.Call(C_stringMetric, as.graphicsAnnot(x$label)) :
     font metrics unknown for Unicode character U+0628
    Warning in grid.Call(C_stringMetric, as.graphicsAnnot(x$label)) :
     conversion failure on 'حب' in 'mbcsToSbcs': dot substituted for <d8>
    Warning in grid.Call(C_stringMetric, as.graphicsAnnot(x$label)) :
     conversion failure on 'حب' in 'mbcsToSbcs': dot substituted for <ad>
    Warning in grid.Call(C_stringMetric, as.graphicsAnnot(x$label)) :
     conversion failure on 'حب' in 'mbcsToSbcs': dot substituted for <d8>
    Warning in grid.Call(C_stringMetric, as.graphicsAnnot(x$label)) :
     conversion failure on 'حب' in 'mbcsToSbcs': dot substituted for <a8>
    Warning in grid.Call(C_textBounds, as.graphicsAnnot(x$label), x$x, x$y, :
     conversion failure on 'प्यार' in 'mbcsToSbcs': dot substituted for <e0>
    Warning in grid.Call(C_textBounds, as.graphicsAnnot(x$label), x$x, x$y, :
     conversion failure on 'प्यार' in 'mbcsToSbcs': dot substituted for <a4>
    Warning in grid.Call(C_textBounds, as.graphicsAnnot(x$label), x$x, x$y, :
     conversion failure on 'प्यार' in 'mbcsToSbcs': dot substituted for <aa>
    Warning in grid.Call(C_textBounds, as.graphicsAnnot(x$label), x$x, x$y, :
     conversion failure on 'प्यार' in 'mbcsToSbcs': dot substituted for <e0>
    Warning in grid.Call(C_textBounds, as.graphicsAnnot(x$label), x$x, x$y, :
     conversion failure on 'प्यार' in 'mbcsToSbcs': dot substituted for <a5>
    Warning in grid.Call(C_textBounds, as.graphicsAnnot(x$label), x$x, x$y, :
     conversion failure on 'प्यार' in 'mbcsToSbcs': dot substituted for <8d>
    Warning in grid.Call(C_textBounds, as.graphicsAnnot(x$label), x$x, x$y, :
     conversion failure on 'प्यार' in 'mbcsToSbcs': dot substituted for <e0>
    Warning in grid.Call(C_textBounds, as.graphicsAnnot(x$label), x$x, x$y, :
     conversion failure on 'प्यार' in 'mbcsToSbcs': dot substituted for <a4>
    Warning in grid.Call(C_textBounds, as.graphicsAnnot(x$label), x$x, x$y, :
     conversion failure on 'प्यार' in 'mbcsToSbcs': dot substituted for <af>
    Warning in grid.Call(C_textBounds, as.graphicsAnnot(x$label), x$x, x$y, :
     conversion failure on 'प्यार' in 'mbcsToSbcs': dot substituted for <e0>
    Warning in grid.Call(C_textBounds, as.graphicsAnnot(x$label), x$x, x$y, :
     conversion failure on 'प्यार' in 'mbcsToSbcs': dot substituted for <a4>
    Warning in grid.Call(C_textBounds, as.graphicsAnnot(x$label), x$x, x$y, :
     conversion failure on 'प्यार' in 'mbcsToSbcs': dot substituted for <be>
    Warning in grid.Call(C_textBounds, as.graphicsAnnot(x$label), x$x, x$y, :
     conversion failure on 'प्यार' in 'mbcsToSbcs': dot substituted for <e0>
    Warning in grid.Call(C_textBounds, as.graphicsAnnot(x$label), x$x, x$y, :
     conversion failure on 'प्यार' in 'mbcsToSbcs': dot substituted for <a4>
    Warning in grid.Call(C_textBounds, as.graphicsAnnot(x$label), x$x, x$y, :
     conversion failure on 'प्यार' in 'mbcsToSbcs': dot substituted for <b0>
    Warning in grid.Call(C_stringMetric, as.graphicsAnnot(x$label)) :
     font metrics unknown for Unicode character U+092a
    Warning in grid.Call(C_stringMetric, as.graphicsAnnot(x$label)) :
     font metrics unknown for Unicode character U+094d
    Warning in grid.Call(C_stringMetric, as.graphicsAnnot(x$label)) :
     font metrics unknown for Unicode character U+092f
    Warning in grid.Call(C_stringMetric, as.graphicsAnnot(x$label)) :
     font metrics unknown for Unicode character U+093e
    Warning in grid.Call(C_stringMetric, as.graphicsAnnot(x$label)) :
     font metrics unknown for Unicode character U+0930
    Warning in grid.Call(C_stringMetric, as.graphicsAnnot(x$label)) :
     font metrics unknown for Unicode character U+092a
    Warning in grid.Call(C_stringMetric, as.graphicsAnnot(x$label)) :
     font metrics unknown for Unicode character U+094d
    Warning in grid.Call(C_stringMetric, as.graphicsAnnot(x$label)) :
     font metrics unknown for Unicode character U+092f
    Warning in grid.Call(C_stringMetric, as.graphicsAnnot(x$label)) :
     font metrics unknown for Unicode character U+093e
    Warning in grid.Call(C_stringMetric, as.graphicsAnnot(x$label)) :
     font metrics unknown for Unicode character U+0930
    Warning in grid.Call(C_stringMetric, as.graphicsAnnot(x$label)) :
     conversion failure on 'प्यार' in 'mbcsToSbcs': dot substituted for <e0>
    Warning in grid.Call(C_stringMetric, as.graphicsAnnot(x$label)) :
     conversion failure on 'प्यार' in 'mbcsToSbcs': dot substituted for <a4>
    Warning in grid.Call(C_stringMetric, as.graphicsAnnot(x$label)) :
     conversion failure on 'प्यार' in 'mbcsToSbcs': dot substituted for <aa>
    Warning in grid.Call(C_stringMetric, as.graphicsAnnot(x$label)) :
     conversion failure on 'प्यार' in 'mbcsToSbcs': dot substituted for <e0>
    Warning in grid.Call(C_stringMetric, as.graphicsAnnot(x$label)) :
     conversion failure on 'प्यार' in 'mbcsToSbcs': dot substituted for <a5>
    Warning in grid.Call(C_stringMetric, as.graphicsAnnot(x$label)) :
     conversion failure on 'प्यार' in 'mbcsToSbcs': dot substituted for <8d>
    Warning in grid.Call(C_stringMetric, as.graphicsAnnot(x$label)) :
     conversion failure on 'प्यार' in 'mbcsToSbcs': dot substituted for <e0>
    Warning in grid.Call(C_stringMetric, as.graphicsAnnot(x$label)) :
     conversion failure on 'प्यार' in 'mbcsToSbcs': dot substituted for <a4>
    Warning in grid.Call(C_stringMetric, as.graphicsAnnot(x$label)) :
     conversion failure on 'प्यार' in 'mbcsToSbcs': dot substituted for <af>
    Warning in grid.Call(C_stringMetric, as.graphicsAnnot(x$label)) :
     conversion failure on 'प्यार' in 'mbcsToSbcs': dot substituted for <e0>
    Warning in grid.Call(C_stringMetric, as.graphicsAnnot(x$label)) :
     conversion failure on 'प्यार' in 'mbcsToSbcs': dot substituted for <a4>
    Warning in grid.Call(C_stringMetric, as.graphicsAnnot(x$label)) :
     conversion failure on 'प्यार' in 'mbcsToSbcs': dot substituted for <be>
    Warning in grid.Call(C_stringMetric, as.graphicsAnnot(x$label)) :
     conversion failure on 'प्यार' in 'mbcsToSbcs': dot substituted for <e0>
    Warning in grid.Call(C_stringMetric, as.graphicsAnnot(x$label)) :
     conversion failure on 'प्यार' in 'mbcsToSbcs': dot substituted for <a4>
    Warning in grid.Call(C_stringMetric, as.graphicsAnnot(x$label)) :
     conversion failure on 'प्यार' in 'mbcsToSbcs': dot substituted for <b0>
    Warning in grid.Call(C_textBounds, as.graphicsAnnot(x$label), x$x, x$y, :
     conversion failure on 'प्यार' in 'mbcsToSbcs': dot substituted for <e0>
    Warning in grid.Call(C_textBounds, as.graphicsAnnot(x$label), x$x, x$y, :
     conversion failure on 'प्यार' in 'mbcsToSbcs': dot substituted for <a4>
    Warning in grid.Call(C_textBounds, as.graphicsAnnot(x$label), x$x, x$y, :
     conversion failure on 'प्यार' in 'mbcsToSbcs': dot substituted for <aa>
    Warning in grid.Call(C_textBounds, as.graphicsAnnot(x$label), x$x, x$y, :
     conversion failure on 'प्यार' in 'mbcsToSbcs': dot substituted for <e0>
    Warning in grid.Call(C_textBounds, as.graphicsAnnot(x$label), x$x, x$y, :
     conversion failure on 'प्यार' in 'mbcsToSbcs': dot substituted for <a5>
    Warning in grid.Call(C_textBounds, as.graphicsAnnot(x$label), x$x, x$y, :
     conversion failure on 'प्यार' in 'mbcsToSbcs': dot substituted for <8d>
    Warning in grid.Call(C_textBounds, as.graphicsAnnot(x$label), x$x, x$y, :
     conversion failure on 'प्यार' in 'mbcsToSbcs': dot substituted for <e0>
    Warning in grid.Call(C_textBounds, as.graphicsAnnot(x$label), x$x, x$y, :
     conversion failure on 'प्यार' in 'mbcsToSbcs': dot substituted for <a4>
    Warning in grid.Call(C_textBounds, as.graphicsAnnot(x$label), x$x, x$y, :
     conversion failure on 'प्यार' in 'mbcsToSbcs': dot substituted for <af>
    Warning in grid.Call(C_textBounds, as.graphicsAnnot(x$label), x$x, x$y, :
     conversion failure on 'प्यार' in 'mbcsToSbcs': dot substituted for <e0>
    Warning in grid.Call(C_textBounds, as.graphicsAnnot(x$label), x$x, x$y, :
     conversion failure on 'प्यार' in 'mbcsToSbcs': dot substituted for <a4>
    Warning in grid.Call(C_textBounds, as.graphicsAnnot(x$label), x$x, x$y, :
     conversion failure on 'प्यार' in 'mbcsToSbcs': dot substituted for <be>
    Warning in grid.Call(C_textBounds, as.graphicsAnnot(x$label), x$x, x$y, :
     conversion failure on 'प्यार' in 'mbcsToSbcs': dot substituted for <e0>
    Warning in grid.Call(C_textBounds, as.graphicsAnnot(x$label), x$x, x$y, :
     conversion failure on 'प्यार' in 'mbcsToSbcs': dot substituted for <a4>
    Warning in grid.Call(C_textBounds, as.graphicsAnnot(x$label), x$x, x$y, :
     conversion failure on 'प्यार' in 'mbcsToSbcs': dot substituted for <b0>
    Warning in grid.Call(C_stringMetric, as.graphicsAnnot(x$label)) :
     font metrics unknown for Unicode character U+092a
    Warning in grid.Call(C_stringMetric, as.graphicsAnnot(x$label)) :
     font metrics unknown for Unicode character U+094d
    Warning in grid.Call(C_stringMetric, as.graphicsAnnot(x$label)) :
     font metrics unknown for Unicode character U+092f
    Warning in grid.Call(C_stringMetric, as.graphicsAnnot(x$label)) :
     font metrics unknown for Unicode character U+093e
    Warning in grid.Call(C_stringMetric, as.graphicsAnnot(x$label)) :
     font metrics unknown for Unicode character U+0930
    Warning in grid.Call(C_stringMetric, as.graphicsAnnot(x$label)) :
     font metrics unknown for Unicode character U+092a
    Warning in grid.Call(C_stringMetric, as.graphicsAnnot(x$label)) :
     font metrics unknown for Unicode character U+094d
    Warning in grid.Call(C_stringMetric, as.graphicsAnnot(x$label)) :
     font metrics unknown for Unicode character U+092f
    Warning in grid.Call(C_stringMetric, as.graphicsAnnot(x$label)) :
     font metrics unknown for Unicode character U+093e
    Warning in grid.Call(C_stringMetric, as.graphicsAnnot(x$label)) :
     font metrics unknown for Unicode character U+0930
    Warning in grid.Call(C_stringMetric, as.graphicsAnnot(x$label)) :
     conversion failure on 'प्यार' in 'mbcsToSbcs': dot substituted for <e0>
    Warning in grid.Call(C_stringMetric, as.graphicsAnnot(x$label)) :
     conversion failure on 'प्यार' in 'mbcsToSbcs': dot substituted for <a4>
    Warning in grid.Call(C_stringMetric, as.graphicsAnnot(x$label)) :
     conversion failure on 'प्यार' in 'mbcsToSbcs': dot substituted for <aa>
    Warning in grid.Call(C_stringMetric, as.graphicsAnnot(x$label)) :
     conversion failure on 'प्यार' in 'mbcsToSbcs': dot substituted for <e0>
    Warning in grid.Call(C_stringMetric, as.graphicsAnnot(x$label)) :
     conversion failure on 'प्यार' in 'mbcsToSbcs': dot substituted for <a5>
    Warning in grid.Call(C_stringMetric, as.graphicsAnnot(x$label)) :
     conversion failure on 'प्यार' in 'mbcsToSbcs': dot substituted for <8d>
    Warning in grid.Call(C_stringMetric, as.graphicsAnnot(x$label)) :
     conversion failure on 'प्यार' in 'mbcsToSbcs': dot substituted for <e0>
    Warning in grid.Call(C_stringMetric, as.graphicsAnnot(x$label)) :
     conversion failure on 'प्यार' in 'mbcsToSbcs': dot substituted for <a4>
    Warning in grid.Call(C_stringMetric, as.graphicsAnnot(x$label)) :
     conversion failure on 'प्यार' in 'mbcsToSbcs': dot substituted for <af>
    Warning in grid.Call(C_stringMetric, as.graphicsAnnot(x$label)) :
     conversion failure on 'प्यार' in 'mbcsToSbcs': dot substituted for <e0>
    Warning in grid.Call(C_stringMetric, as.graphicsAnnot(x$label)) :
     conversion failure on 'प्यार' in 'mbcsToSbcs': dot substituted for <a4>
    Warning in grid.Call(C_stringMetric, as.graphicsAnnot(x$label)) :
     conversion failure on 'प्यार' in 'mbcsToSbcs': dot substituted for <be>
    Warning in grid.Call(C_stringMetric, as.graphicsAnnot(x$label)) :
     conversion failure on 'प्यार' in 'mbcsToSbcs': dot substituted for <e0>
    Warning in grid.Call(C_stringMetric, as.graphicsAnnot(x$label)) :
     conversion failure on 'प्यार' in 'mbcsToSbcs': dot substituted for <a4>
    Warning in grid.Call(C_stringMetric, as.graphicsAnnot(x$label)) :
     conversion failure on 'प्यार' in 'mbcsToSbcs': dot substituted for <b0>
    Error in mask[pmin(pmax(1, -j + seq_grid_h), gh_pix), pmin(pmax(1, i + :
     subscript out of bounds
    Calls: <Anonymous> ... makeContent.textwordcloudtree -> lapply -> FUN -> compute_boxes_from_mask
    Execution halted
Flavors: r-release-osx-x86_64, r-oldrel-osx-x86_64