CRAN Package Check Results for Package ggwordcloud

Last updated on 2022-11-26 10:57:59 CET.

Flavor Version Tinstall Tcheck Ttotal Status Flags
r-devel-linux-x86_64-debian-clang 0.5.0 22.47 254.31 276.78 OK
r-devel-linux-x86_64-debian-gcc 0.5.0 18.40 161.54 179.94 OK
r-devel-linux-x86_64-fedora-clang 0.5.0 280.65 NOTE
r-devel-linux-x86_64-fedora-gcc 0.5.0 274.72 NOTE
r-devel-windows-x86_64 0.5.0 57.00 301.00 358.00 OK
r-patched-linux-x86_64 0.5.0 OK
r-release-linux-x86_64 0.5.0 20.34 207.07 227.41 OK
r-release-macos-arm64 0.5.0 148.00 NOTE
r-release-macos-x86_64 0.5.0 192.00 NOTE
r-release-windows-x86_64 0.5.0 40.00 319.00 359.00 OK
r-oldrel-macos-arm64 0.5.0 240.00 NOTE
r-oldrel-macos-x86_64 0.5.0 255.00 NOTE
r-oldrel-windows-ix86+x86_64 0.5.0 62.00 277.00 339.00 OK

Check Details

Version: 0.5.0
Check: data for non-ASCII characters
Result: NOTE
     Note: found 203 marked UTF-8 strings
Flavors: r-devel-linux-x86_64-fedora-clang, r-devel-linux-x86_64-fedora-gcc, r-release-macos-arm64, r-release-macos-x86_64, r-oldrel-macos-arm64, r-oldrel-macos-x86_64