Last updated on 2023-03-31 11:54:10 CEST.
Flavor | Version | Tinstall | Tcheck | Ttotal | Status | Flags |
---|---|---|---|---|---|---|
r-devel-linux-x86_64-debian-clang | 0.1.5 | 1.83 | 27.88 | 29.71 | OK | |
r-devel-linux-x86_64-debian-gcc | 0.1.5 | 1.69 | 21.33 | 23.02 | OK | |
r-devel-linux-x86_64-fedora-clang | 0.1.5 | 37.54 | OK | |||
r-devel-linux-x86_64-fedora-gcc | 0.1.5 | 49.86 | OK | |||
r-devel-windows-x86_64 | 0.1.5 | 11.00 | 0.00 | 11.00 | OK | |
r-patched-linux-x86_64 | 0.1.5 | 2.23 | 26.59 | 28.82 | OK | |
r-release-linux-x86_64 | 0.1.5 | 1.54 | 28.28 | 29.82 | OK | |
r-release-macos-arm64 | 0.1.5 | 22.00 | OK | |||
r-release-macos-x86_64 | 0.1.5 | 30.00 | OK | |||
r-release-windows-x86_64 | 0.1.5 | 16.00 | 62.00 | 78.00 | OK | |
r-oldrel-macos-arm64 | 0.1.5 | 29.00 | OK | |||
r-oldrel-macos-x86_64 | 0.1.5 | 30.00 | OK | |||
r-oldrel-windows-ix86+x86_64 | 0.1.5 | 6.00 | 61.00 | 67.00 | NOTE |
Version: 0.1.5
Check: dependencies in R code
Result: NOTE
Initiating curl with CURL_SSL_BACKEND: openssl
Flavor: r-oldrel-windows-ix86+x86_64