CRAN Package Check Results for Package gitlabr

Last updated on 2020-10-28 11:49:47 CET.

Flavor Version Tinstall Tcheck Ttotal Status Flags
r-devel-linux-x86_64-debian-clang 1.1.6 5.04 42.85 47.89 NOTE
r-devel-linux-x86_64-debian-gcc 1.1.6 3.95 32.62 36.57 NOTE
r-devel-linux-x86_64-fedora-clang 1.1.6 68.10 NOTE
r-devel-linux-x86_64-fedora-gcc 1.1.6 55.74 NOTE
r-devel-windows-ix86+x86_64 1.1.6 10.00 66.00 76.00 OK
r-patched-linux-x86_64 1.1.6 NOTE
r-patched-solaris-x86 1.1.6 80.20 NOTE
r-release-linux-x86_64 1.1.6 3.41 40.07 43.48 NOTE
r-release-macos-x86_64 1.1.6 OK
r-release-windows-ix86+x86_64 1.1.6 10.00 47.00 57.00 OK
r-oldrel-macos-x86_64 1.1.6 OK
r-oldrel-windows-ix86+x86_64 1.1.6 9.00 55.00 64.00 OK

Check Details

Version: 1.1.6
Check: for non-standard things in the check directory
Result: NOTE
    Found the following files/directories:
     '.gitlab-ci.yml'
Flavors: r-devel-linux-x86_64-debian-clang, r-devel-linux-x86_64-debian-gcc, r-devel-linux-x86_64-fedora-clang, r-devel-linux-x86_64-fedora-gcc, r-patched-linux-x86_64, r-patched-solaris-x86, r-release-linux-x86_64