Last updated on 2024-04-24 06:19:16 CEST.
Flavor | Version | Tinstall | Tcheck | Ttotal | Status | Flags |
---|---|---|---|---|---|---|
r-devel-linux-x86_64-debian-clang | 0.5-1 | 2.83 | 55.01 | 57.84 | NOTE | |
r-devel-linux-x86_64-debian-gcc | 0.5-1 | 1.83 | 39.87 | 41.70 | NOTE | |
r-devel-linux-x86_64-fedora-clang | 0.5-1 | 70.53 | NOTE | |||
r-devel-linux-x86_64-fedora-gcc | 0.5-1 | 67.50 | NOTE | |||
r-prerel-macos-arm64 | 0.5-1 | 24.00 | NOTE | |||
r-prerel-windows-x86_64 | 0.5-1 | 3.00 | 61.00 | 64.00 | NOTE | |
r-patched-linux-x86_64 | 0.5-1 | 2.51 | 52.52 | 55.03 | NOTE | |
r-release-linux-x86_64 | 0.5-1 | 2.13 | 51.45 | 53.58 | OK | |
r-release-macos-arm64 | 0.5-1 | 27.00 | OK | |||
r-release-macos-x86_64 | 0.5-1 | 39.00 | OK | |||
r-release-windows-x86_64 | 0.5-1 | 5.00 | 58.00 | 63.00 | OK | |
r-oldrel-macos-arm64 | 0.5-1 | 24.00 | OK | |||
r-oldrel-windows-x86_64 | 0.5-1 | 4.00 | 61.00 | 65.00 | OK |
Version: 0.5-1
Check: Rd files
Result: NOTE
checkRd: (-1) NEWS.Rd:16: Lost braces; missing escapes or markup?
16 | \item Now \code{AICc == Inf} when {n <= p + 1}.
| ^
Flavors: r-devel-linux-x86_64-debian-clang, r-devel-linux-x86_64-debian-gcc, r-devel-linux-x86_64-fedora-clang, r-devel-linux-x86_64-fedora-gcc, r-prerel-macos-arm64, r-prerel-windows-x86_64, r-patched-linux-x86_64